Last updated on 2022-02-21 07:48:57 CET.
Flavor | Version | Tinstall | Tcheck | Ttotal | Status | Flags |
---|---|---|---|---|---|---|
r-devel-linux-x86_64-debian-clang | 1.8.5 | 128.57 | 102.34 | 230.91 | OK | |
r-devel-linux-x86_64-debian-gcc | 1.8.5 | 108.50 | 78.65 | 187.15 | OK | |
r-devel-linux-x86_64-fedora-clang | 1.8.5 | 322.48 | NOTE | |||
r-devel-linux-x86_64-fedora-gcc | 1.8.5 | 318.00 | NOTE | |||
r-devel-windows-x86_64-new-UL | 1.8.5 | 323.00 | 219.00 | 542.00 | OK | |
r-devel-windows-x86_64-new-TK | 1.8.5 | NOTE | ||||
r-patched-linux-x86_64 | 1.8.5 | 125.16 | 99.53 | 224.69 | OK | |
r-release-linux-x86_64 | 1.8.5 | 126.33 | 98.41 | 224.74 | OK | |
r-release-macos-arm64 | 1.8.5 | NOTE | ||||
r-release-macos-x86_64 | 1.8.5 | ERROR | ||||
r-release-windows-ix86+x86_64 | 1.8.5 | 263.00 | 190.00 | 453.00 | NOTE | |
r-oldrel-macos-x86_64 | 1.8.5 | ERROR | ||||
r-oldrel-windows-ix86+x86_64 | 1.8.5 | 262.00 | 191.00 | 453.00 | NOTE |
Version: 1.8.5
Check: installed package size
Result: NOTE
installed size is 30.8Mb
sub-directories of 1Mb or more:
doc 1.3Mb
libs 29.1Mb
Flavors: r-devel-linux-x86_64-fedora-clang, r-release-macos-arm64, r-release-windows-ix86+x86_64, r-oldrel-windows-ix86+x86_64
Version: 1.8.5
Check: dependencies in R code
Result: NOTE
Namespace in Imports field not imported from: ‘scales’
All declared Imports should be used.
Flavors: r-devel-linux-x86_64-fedora-clang, r-devel-linux-x86_64-fedora-gcc, r-devel-windows-x86_64-new-TK, r-release-macos-arm64
Version: 1.8.5
Check: whether package can be installed
Result: ERROR
Installation failed.
Flavors: r-release-macos-x86_64, r-oldrel-macos-x86_64