Last updated on 2022-02-21 07:48:49 CET.
Flavor | Version | Tinstall | Tcheck | Ttotal | Status | Flags |
---|---|---|---|---|---|---|
r-devel-linux-x86_64-debian-clang | 1.0 | 26.95 | 65.63 | 92.58 | WARN | |
r-devel-linux-x86_64-debian-gcc | 1.0 | 22.28 | 49.35 | 71.63 | OK | |
r-devel-linux-x86_64-fedora-clang | 1.0 | 127.06 | OK | |||
r-devel-linux-x86_64-fedora-gcc | 1.0 | 106.80 | OK | |||
r-devel-windows-x86_64-new-UL | 1.0 | 44.00 | 109.00 | 153.00 | OK | |
r-devel-windows-x86_64-new-TK | 1.0 | OK | ||||
r-patched-linux-x86_64 | 1.0 | 29.65 | 61.89 | 91.54 | OK | |
r-release-linux-x86_64 | 1.0 | 22.14 | 59.86 | 82.00 | OK | |
r-release-macos-arm64 | 1.0 | OK | ||||
r-release-macos-x86_64 | 1.0 | OK | ||||
r-release-windows-ix86+x86_64 | 1.0 | 70.00 | 115.00 | 185.00 | OK | |
r-oldrel-macos-x86_64 | 1.0 | OK | ||||
r-oldrel-windows-ix86+x86_64 | 1.0 | 70.00 | 115.00 | 185.00 | OK |
Version: 1.0
Check: whether package can be installed
Result: WARN
Found the following significant warnings:
paircount.cpp:68:18: warning: using integer absolute value function 'abs' when argument is of floating point type [-Wabsolute-value]
paircount.cpp:94:18: warning: using integer absolute value function 'abs' when argument is of floating point type [-Wabsolute-value]
Flavor: r-devel-linux-x86_64-debian-clang