Last updated on 2022-02-24 06:49:48 CET.
Flavor | Version | Tinstall | Tcheck | Ttotal | Status | Flags |
---|---|---|---|---|---|---|
r-devel-linux-x86_64-debian-clang | 0.1.1.2 | 43.62 | 403.34 | 446.96 | OK | |
r-devel-linux-x86_64-debian-gcc | 0.1.1.2 | 41.45 | 294.45 | 335.90 | OK | |
r-devel-linux-x86_64-fedora-clang | 0.1.1.2 | 540.32 | NOTE | |||
r-devel-linux-x86_64-fedora-gcc | 0.1.1.2 | 518.78 | NOTE | |||
r-devel-windows-x86_64-new-UL | 0.1.1.2 | 89.00 | 378.00 | 467.00 | OK | |
r-devel-windows-x86_64-new-TK | 0.1.1.2 | NOTE | ||||
r-patched-linux-x86_64 | 0.1.1.2 | OK | ||||
r-release-linux-x86_64 | 0.1.1.2 | 29.35 | 366.67 | 396.02 | OK | |
r-release-macos-arm64 | 0.1.1.2 | NOTE | ||||
r-release-macos-x86_64 | 0.1.1.2 | NOTE | ||||
r-release-windows-ix86+x86_64 | 0.1.1.2 | 95.00 | 379.00 | 474.00 | OK | |
r-oldrel-macos-x86_64 | 0.1.1.2 | NOTE | ||||
r-oldrel-windows-ix86+x86_64 | 0.1.1.2 | 97.00 | 409.00 | 506.00 | OK |
Version: 0.1.1.2
Check: data for non-ASCII characters
Result: NOTE
Note: found 1409 marked UTF-8 strings
Flavors: r-devel-linux-x86_64-fedora-clang, r-devel-linux-x86_64-fedora-gcc, r-devel-windows-x86_64-new-TK, r-release-macos-arm64, r-release-macos-x86_64, r-oldrel-macos-x86_64