Last updated on 2022-02-28 05:53:25 CET.
Flavor | Version | Tinstall | Tcheck | Ttotal | Status | Flags |
---|---|---|---|---|---|---|
r-devel-linux-x86_64-debian-clang | 1.5.0 | 106.70 | 119.40 | 226.10 | OK | |
r-devel-linux-x86_64-debian-gcc | 1.5.0 | 85.14 | 93.05 | 178.19 | OK | |
r-devel-linux-x86_64-fedora-clang | 1.5.0 | 321.93 | NOTE | |||
r-devel-linux-x86_64-fedora-gcc | 1.5.0 | 291.76 | OK | |||
r-devel-windows-x86_64-new-UL | 1.5.0 | 122.00 | 210.00 | 332.00 | OK | |
r-devel-windows-x86_64-new-TK | 1.5.0 | OK | ||||
r-patched-linux-x86_64 | 1.5.0 | 95.44 | 113.21 | 208.65 | OK | |
r-release-linux-x86_64 | 1.5.0 | 93.84 | 111.96 | 205.80 | OK | |
r-release-macos-arm64 | 1.5.0 | NOTE | ||||
r-release-macos-x86_64 | 1.5.0 | NOTE | ||||
r-release-windows-ix86+x86_64 | 1.5.0 | 268.00 | 217.00 | 485.00 | OK | |
r-oldrel-macos-x86_64 | 1.5.0 | NOTE | ||||
r-oldrel-windows-ix86+x86_64 | 1.5.0 | 266.00 | 220.00 | 486.00 | OK |
Version: 1.5.0
Check: installed package size
Result: NOTE
installed size is 5.7Mb
sub-directories of 1Mb or more:
libs 4.8Mb
Flavors: r-devel-linux-x86_64-fedora-clang, r-release-macos-arm64, r-release-macos-x86_64, r-oldrel-macos-x86_64