Last updated on 2022-02-28 06:48:56 CET.
Flavor | Version | Tinstall | Tcheck | Ttotal | Status | Flags |
---|---|---|---|---|---|---|
r-devel-linux-x86_64-debian-clang | 2.0.2 | 6.66 | 83.42 | 90.08 | OK | |
r-devel-linux-x86_64-debian-gcc | 2.0.2 | 5.12 | 65.28 | 70.40 | OK | |
r-devel-linux-x86_64-fedora-clang | 2.0.2 | 115.86 | OK | |||
r-devel-linux-x86_64-fedora-gcc | 2.0.2 | 78.23 | ERROR | |||
r-devel-windows-x86_64-new-UL | 2.0.2 | 26.00 | 109.00 | 135.00 | OK | |
r-devel-windows-x86_64-new-TK | 2.0.2 | OK | ||||
r-patched-linux-x86_64 | 2.0.2 | 3.79 | 86.59 | 90.38 | OK | |
r-release-linux-x86_64 | 2.0.2 | 4.93 | 88.04 | 92.97 | OK | |
r-release-macos-arm64 | 2.0.2 | OK | ||||
r-release-macos-x86_64 | 2.0.2 | OK | ||||
r-release-windows-ix86+x86_64 | 2.0.2 | 16.00 | 108.00 | 124.00 | OK | |
r-oldrel-macos-x86_64 | 2.0.2 | OK | ||||
r-oldrel-windows-ix86+x86_64 | 2.0.2 | 3.00 | 8.00 | 11.00 | ERROR |
Version: 2.0.2
Check: examples
Result: ERROR
Running examples in ‘rgho-Ex.R’ failed
The error most likely occurred in:
> ### Name: get_gho_dimensions
> ### Title: Returns GHO Dimensions/Codes
> ### Aliases: get_gho_dimensions get_gho_codes man-gho print.gho
>
> ### ** Examples
>
>
> get_gho_dimensions()
Server error: (503) Service Unavailable
Error in httr::http_type(resp) : is.response(x) is not TRUE
Calls: get_gho_dimensions -> <Anonymous> -> stopifnot
Execution halted
Flavor: r-devel-linux-x86_64-fedora-gcc
Version: 2.0.2
Check: re-building of vignette outputs
Result: ERROR
Error(s) in re-building vignettes:
--- re-building ‘a-intro.Rmd’ using rmarkdown
Quitting from lines 30-31 (a-intro.Rmd)
Error: processing vignette 'a-intro.Rmd' failed with diagnostics:
is.response(x) is not TRUE
--- failed re-building ‘a-intro.Rmd’
--- re-building ‘b-dimensions.Rmd’ using rmarkdown
Quitting from lines 21-22 (b-dimensions.Rmd)
Error: processing vignette 'b-dimensions.Rmd' failed with diagnostics:
is.response(x) is not TRUE
--- failed re-building ‘b-dimensions.Rmd’
--- re-building ‘c-codes-gho.Rmd’ using rmarkdown
Quitting from lines 21-22 (c-codes-gho.Rmd)
Error: processing vignette 'c-codes-gho.Rmd' failed with diagnostics:
is.response(x) is not TRUE
--- failed re-building ‘c-codes-gho.Rmd’
--- re-building ‘d-codes-country.Rmd’ using rmarkdown
Quitting from lines 21-28 (d-codes-country.Rmd)
Error: processing vignette 'd-codes-country.Rmd' failed with diagnostics:
is.response(x) is not TRUE
--- failed re-building ‘d-codes-country.Rmd’
--- re-building ‘e-details.Rmd’ using rmarkdown
--- finished re-building ‘e-details.Rmd’
SUMMARY: processing the following files failed:
‘a-intro.Rmd’ ‘b-dimensions.Rmd’ ‘c-codes-gho.Rmd’
‘d-codes-country.Rmd’
Error: Vignette re-building failed.
Execution halted
Flavor: r-devel-linux-x86_64-fedora-gcc
Version: 2.0.2
Check: whether package can be installed
Result: ERROR
Installation failed.
Flavor: r-oldrel-windows-ix86+x86_64