Last updated on 2022-03-04 08:53:25 CET.
| Flavor | Version | Tinstall | Tcheck | Ttotal | Status | Flags | 
|---|---|---|---|---|---|---|
| r-devel-linux-x86_64-debian-clang | 1.6.1 | 7.85 | 76.43 | 84.28 | NOTE | |
| r-devel-linux-x86_64-debian-gcc | 1.6.1 | 6.60 | 58.02 | 64.62 | NOTE | |
| r-devel-linux-x86_64-fedora-clang | 1.6.1 | 104.06 | NOTE | |||
| r-devel-linux-x86_64-fedora-gcc | 1.6.1 | 95.93 | NOTE | |||
| r-devel-windows-x86_64-new-UL | 1.6.1 | 28.00 | 101.00 | 129.00 | NOTE | |
| r-devel-windows-x86_64-new-TK | 1.6.1 | NOTE | ||||
| r-patched-linux-x86_64 | 1.6.1 | 7.58 | 71.17 | 78.75 | NOTE | |
| r-release-linux-x86_64 | 1.6.1 | 8.21 | 71.02 | 79.23 | NOTE | |
| r-release-macos-arm64 | 1.6.1 | NOTE | ||||
| r-release-macos-x86_64 | 1.6.1 | NOTE | ||||
| r-release-windows-ix86+x86_64 | 1.6.1 | 21.00 | 103.00 | 124.00 | NOTE | |
| r-oldrel-macos-x86_64 | 1.6.1 | NOTE | ||||
| r-oldrel-windows-ix86+x86_64 | 1.6.1 | 22.00 | 107.00 | 129.00 | NOTE | 
Version: 1.6.1
Check: dependencies in R code
Result: NOTE
    Package in Depends field not imported from: 'FitAR'
      These packages need to be imported from (in the NAMESPACE file)
      for when this namespace is loaded but not attached.
Flavors: r-devel-linux-x86_64-debian-clang, r-devel-linux-x86_64-debian-gcc, r-devel-linux-x86_64-fedora-clang, r-devel-linux-x86_64-fedora-gcc, r-devel-windows-x86_64-new-UL, r-devel-windows-x86_64-new-TK, r-patched-linux-x86_64, r-release-linux-x86_64, r-release-macos-arm64, r-release-macos-x86_64, r-release-windows-ix86+x86_64, r-oldrel-macos-x86_64, r-oldrel-windows-ix86+x86_64
Version: 1.6.1
Check: R code for possible problems
Result: NOTE
    FitARMA: no visible global function definition for 'PacfDL'
    FitARMA: no visible global function definition for 'GetARMeanMLE'
    FitARMA: no visible global function definition for
      'BackcastResidualsAR'
    FitARMA: no visible global function definition for 'LjungBoxTest'
    GetFitARMA: no visible global function definition for 'LoglikelihoodAR'
    GetFitARMA: no visible global function definition for 'ChampernowneD'
    GetFitARMA : EntropyARMA: no visible global function definition for
      'PacfToAR'
    GetFitARMA : EntropyARMA: no visible global function definition for
      'PacfDL'
    GetFitARMA : EntropyARMA: no visible global function definition for
      'FastLoglikelihoodAR'
    GetFitARMA: no visible global function definition for 'PacfToAR'
    InformationMatrixARMA: no visible global function definition for
      'InvertibleQ'
    TacvfARMA: no visible global function definition for 'InvertibleQ'
    Undefined global functions or variables:
      BackcastResidualsAR ChampernowneD FastLoglikelihoodAR GetARMeanMLE
      InvertibleQ LjungBoxTest LoglikelihoodAR PacfDL PacfToAR
Flavors: r-devel-linux-x86_64-debian-clang, r-devel-linux-x86_64-debian-gcc, r-devel-linux-x86_64-fedora-clang, r-devel-linux-x86_64-fedora-gcc, r-devel-windows-x86_64-new-UL, r-devel-windows-x86_64-new-TK, r-patched-linux-x86_64, r-release-linux-x86_64, r-release-macos-arm64, r-release-macos-x86_64, r-release-windows-ix86+x86_64, r-oldrel-macos-x86_64, r-oldrel-windows-ix86+x86_64
Version: 1.6.1
Check: compiled code
Result: NOTE
    File ‘FitARMA/libs/FitARMA.so’:
      Found no calls to: ‘R_registerRoutines’, ‘R_useDynamicSymbols’
    
    It is good practice to register native routines and to disable symbol
    search.
    
    See ‘Writing portable packages’ in the ‘Writing R Extensions’ manual.
Flavors: r-devel-linux-x86_64-fedora-clang, r-devel-linux-x86_64-fedora-gcc