Last updated on 2022-03-04 08:53:39 CET.
Flavor | Version | Tinstall | Tcheck | Ttotal | Status | Flags |
---|---|---|---|---|---|---|
r-devel-linux-x86_64-debian-clang | 1.0 | 7.81 | 49.72 | 57.53 | NOTE | |
r-devel-linux-x86_64-debian-gcc | 1.0 | 7.85 | 38.51 | 46.36 | NOTE | |
r-devel-linux-x86_64-fedora-clang | 1.0 | 73.88 | NOTE | |||
r-devel-linux-x86_64-fedora-gcc | 1.0 | 63.82 | NOTE | |||
r-devel-windows-x86_64-new-UL | 1.0 | 46.00 | 80.00 | 126.00 | NOTE | |
r-devel-windows-x86_64-new-TK | 1.0 | NOTE | ||||
r-patched-linux-x86_64 | 1.0 | 8.97 | 46.30 | 55.27 | NOTE | |
r-release-linux-x86_64 | 1.0 | 8.76 | 47.52 | 56.28 | NOTE | |
r-release-macos-arm64 | 1.0 | NOTE | ||||
r-release-macos-x86_64 | 1.0 | NOTE | ||||
r-release-windows-ix86+x86_64 | 1.0 | 29.00 | 70.00 | 99.00 | NOTE | |
r-oldrel-macos-x86_64 | 1.0 | NOTE | ||||
r-oldrel-windows-ix86+x86_64 | 1.0 | 30.00 | 69.00 | 99.00 | NOTE |
Version: 1.0
Check: R code for possible problems
Result: NOTE
SAVE: no visible global function definition for 'model.matrix'
SAVE: no visible global function definition for 'as.formula'
SAVE: no visible global function definition for 'terms'
SAVE: no visible global function definition for 'drop.terms'
SAVE: no visible global function definition for 'reformulate'
bayesfit.SAVE: no visible global function definition for 'write.table'
bayesfit.SAVE: no visible global function definition for 'read.table'
plot.SAVE: no visible global function definition for 'par'
plot.SAVE: no visible global function definition for 'hist'
plot.SAVE: no visible global function definition for 'gray'
plot.SAVE : densprior: no visible global function definition for
'pnorm'
plot.SAVE : densprior: no visible global function definition for
'dnorm'
plot.SAVE : densprior: no visible global function definition for
'dunif'
plot.SAVE: no visible global function definition for 'lines'
plot.SAVE: no visible global function definition for 'dexp'
plot.SAVE: no visible global function definition for 'abline'
plot.predictcode.SAVE: no visible global function definition for
'points'
plot.predictcode.SAVE: no visible global function definition for
'lines'
plot.predictreality.SAVE: no visible global function definition for
'par'
plot.predictreality.SAVE: no visible global function definition for
'points'
plot.predictreality.SAVE: no visible global function definition for
'lines'
plot.validate.SAVE: no visible global function definition for 'par'
plot.validate.SAVE: no visible global function definition for 'points'
plot.validate.SAVE: no visible global function definition for 'lines'
predictcode.SAVE: no visible global function definition for
'write.table'
predictcode.SAVE: no visible global function definition for
'model.matrix'
predictcode.SAVE: no visible global function definition for
'read.table'
predictreality.SAVE: no visible global function definition for
'write.table'
predictreality.SAVE: no visible global function definition for
'model.matrix'
predictreality.SAVE: no visible global function definition for
'read.table'
show.SAVE : mysummary: no visible global function definition for 'sd'
show.SAVE : mysummary: no visible global function definition for
'median'
show.SAVE : mysummary: no visible global function definition for
'quantile'
summary.SAVE : mysummary: no visible global function definition for
'sd'
summary.SAVE : mysummary: no visible global function definition for
'median'
summary.SAVE : mysummary: no visible global function definition for
'quantile'
summary.predictreality.SAVE : mysummary: no visible global function
definition for 'sd'
summary.predictreality.SAVE : mysummary: no visible global function
definition for 'median'
summary.predictreality.SAVE : mysummary: no visible global function
definition for 'quantile'
summary.predictreality.SAVE: no visible binding for global variable
'quantile'
validate.SAVE: no visible binding for global variable 'quantile'
validate.SAVE: no visible binding for global variable 'median'
Undefined global functions or variables:
abline as.formula dexp dnorm drop.terms dunif gray hist lines median
model.matrix par pnorm points quantile read.table reformulate sd
terms write.table
Consider adding
importFrom("grDevices", "gray")
importFrom("graphics", "abline", "hist", "lines", "par", "points")
importFrom("stats", "as.formula", "dexp", "dnorm", "drop.terms",
"dunif", "median", "model.matrix", "pnorm", "quantile",
"reformulate", "sd", "terms")
importFrom("utils", "read.table", "write.table")
to your NAMESPACE file.
Flavors: r-devel-linux-x86_64-debian-clang, r-devel-linux-x86_64-debian-gcc, r-devel-linux-x86_64-fedora-clang, r-devel-linux-x86_64-fedora-gcc, r-devel-windows-x86_64-new-UL, r-devel-windows-x86_64-new-TK, r-patched-linux-x86_64, r-release-linux-x86_64, r-release-macos-arm64, r-release-macos-x86_64, r-release-windows-ix86+x86_64, r-oldrel-macos-x86_64, r-oldrel-windows-ix86+x86_64
Version: 1.0
Check: compiled code
Result: NOTE
File ‘SAVE/libs/SAVE.so’:
Found no calls to: ‘R_registerRoutines’, ‘R_useDynamicSymbols’
It is good practice to register native routines and to disable symbol
search.
See ‘Writing portable packages’ in the ‘Writing R Extensions’ manual.
Flavors: r-devel-linux-x86_64-fedora-clang, r-devel-linux-x86_64-fedora-gcc
Version: 1.0
Check: DESCRIPTION meta-information
Result: NOTE
BugReports field should not be empty
Flavors: r-release-windows-ix86+x86_64, r-oldrel-windows-ix86+x86_64