Last updated on 2022-03-04 08:53:29 CET.
Flavor | Version | Tinstall | Tcheck | Ttotal | Status | Flags |
---|---|---|---|---|---|---|
r-devel-linux-x86_64-debian-clang | 2.4.4 | 14.02 | 91.35 | 105.37 | NOTE | |
r-devel-linux-x86_64-debian-gcc | 2.4.4 | 9.37 | 67.71 | 77.08 | NOTE | |
r-devel-linux-x86_64-fedora-clang | 2.4.4 | 123.92 | NOTE | |||
r-devel-linux-x86_64-fedora-gcc | 2.4.4 | 110.79 | NOTE | |||
r-devel-windows-x86_64-new-UL | 2.4.4 | 40.00 | 99.00 | 139.00 | NOTE | |
r-devel-windows-x86_64-new-TK | 2.4.4 | NOTE | ||||
r-patched-linux-x86_64 | 2.4.4 | 12.68 | 86.80 | 99.48 | NOTE | |
r-release-linux-x86_64 | 2.4.4 | 10.20 | 85.93 | 96.13 | NOTE | |
r-release-macos-arm64 | 2.4.4 | NOTE | ||||
r-release-macos-x86_64 | 2.4.4 | NOTE | ||||
r-release-windows-ix86+x86_64 | 2.4.4 | 23.00 | 96.00 | 119.00 | NOTE | |
r-oldrel-macos-x86_64 | 2.4.4 | NOTE | ||||
r-oldrel-windows-ix86+x86_64 | 2.4.4 | 22.00 | 93.00 | 115.00 | NOTE |
Version: 2.4.4
Check: R code for possible problems
Result: NOTE
plotcorr.lba.3d: warning in pch3d(colcoordi[, dim], pch = pch.budget,
col = col.budget, ...): partial argument match of 'col' to 'color'
Flavors: r-devel-linux-x86_64-debian-clang, r-devel-linux-x86_64-debian-gcc, r-devel-linux-x86_64-fedora-clang, r-devel-linux-x86_64-fedora-gcc, r-devel-windows-x86_64-new-UL, r-devel-windows-x86_64-new-TK, r-patched-linux-x86_64, r-release-linux-x86_64, r-release-macos-arm64, r-release-macos-x86_64, r-release-windows-ix86+x86_64, r-oldrel-macos-x86_64, r-oldrel-windows-ix86+x86_64