Last updated on 2022-03-04 19:54:06 CET.
Flavor | Version | Tinstall | Tcheck | Ttotal | Status | Flags |
---|---|---|---|---|---|---|
r-devel-linux-x86_64-debian-clang | 5.4.0 | 24.54 | 126.18 | 150.72 | NOTE | |
r-devel-linux-x86_64-debian-gcc | 5.4.0 | 19.85 | 91.95 | 111.80 | NOTE | |
r-devel-linux-x86_64-fedora-clang | 5.4.0 | 191.90 | NOTE | |||
r-devel-linux-x86_64-fedora-gcc | 5.4.0 | 180.44 | NOTE | |||
r-devel-windows-x86_64-new-UL | 5.4.0 | 135.00 | 143.00 | 278.00 | NOTE | |
r-devel-windows-x86_64-new-TK | 5.4.0 | NOTE | ||||
r-patched-linux-x86_64 | 5.4.0 | 24.99 | 116.60 | 141.59 | NOTE | |
r-release-linux-x86_64 | 5.4.0 | 24.61 | 116.76 | 141.37 | NOTE | |
r-release-macos-arm64 | 5.4.0 | NOTE | ||||
r-release-macos-x86_64 | 5.4.0 | NOTE | ||||
r-release-windows-ix86+x86_64 | 5.4.0 | 41.00 | 130.00 | 171.00 | NOTE | |
r-oldrel-macos-x86_64 | 5.4.0 | NOTE | ||||
r-oldrel-windows-ix86+x86_64 | 5.4.0 | 42.00 | 131.00 | 173.00 | NOTE |
Version: 5.4.0
Check: package dependencies
Result: NOTE
Packages suggested but not available for checking:
'cairoDevice', 'rggobi', 'RGtk2'
Flavors: r-devel-linux-x86_64-debian-clang, r-devel-linux-x86_64-debian-gcc, r-devel-linux-x86_64-fedora-clang, r-devel-linux-x86_64-fedora-gcc, r-devel-windows-x86_64-new-TK, r-patched-linux-x86_64, r-release-linux-x86_64
Version: 5.4.0
Check: installed package size
Result: NOTE
installed size is 8.5Mb
sub-directories of 1Mb or more:
data 3.6Mb
etc 1.9Mb
po 1.2Mb
Flavors: r-devel-linux-x86_64-fedora-clang, r-devel-windows-x86_64-new-UL, r-release-macos-arm64, r-release-macos-x86_64, r-release-windows-ix86+x86_64, r-oldrel-macos-x86_64, r-oldrel-windows-ix86+x86_64
Version: 5.4.0
Check: package dependencies
Result: NOTE
Package suggested but not available for checking: 'rggobi'
Flavors: r-devel-windows-x86_64-new-UL, r-release-macos-x86_64, r-oldrel-macos-x86_64
Version: 5.4.0
Check: package dependencies
Result: NOTE
Packages suggested but not available for checking:
'cairoDevice', 'rggobi', 'RGtk2', 'RODBC'
Flavor: r-release-macos-arm64