Last updated on 2022-03-05 08:54:48 CET.
| Flavor | Version | Tinstall | Tcheck | Ttotal | Status | Flags | 
|---|---|---|---|---|---|---|
| r-devel-linux-x86_64-debian-clang | 2.0 | 273.03 | 892.83 | 1165.86 | OK | |
| r-devel-linux-x86_64-debian-gcc | 2.0 | 228.59 | 627.93 | 856.52 | OK | |
| r-devel-linux-x86_64-fedora-clang | 2.0 | 1415.65 | NOTE | |||
| r-devel-linux-x86_64-fedora-gcc | 2.0 | 1417.99 | OK | |||
| r-devel-windows-x86_64-new-UL | 2.0 | 227.00 | 694.00 | 921.00 | NOTE | |
| r-devel-windows-x86_64-new-TK | 2.0 | OK | ||||
| r-patched-linux-x86_64 | 2.0 | 259.50 | 878.32 | 1137.82 | OK | |
| r-release-linux-x86_64 | 2.0 | 253.23 | 867.80 | 1121.03 | OK | |
| r-release-macos-arm64 | 2.0 | NOTE | ||||
| r-release-macos-x86_64 | 2.0 | NOTE | ||||
| r-release-windows-ix86+x86_64 | 2.0 | 424.00 | 774.00 | 1198.00 | NOTE | |
| r-oldrel-macos-x86_64 | 2.0 | NOTE | ||||
| r-oldrel-windows-ix86+x86_64 | 2.0 | 417.00 | 736.00 | 1153.00 | NOTE | 
Version: 2.0
Check: installed package size
Result: NOTE
      installed size is  8.2Mb
      sub-directories of 1Mb or more:
        R   7.1Mb
Flavors: r-devel-linux-x86_64-fedora-clang, r-devel-windows-x86_64-new-UL, r-release-macos-arm64, r-release-macos-x86_64, r-release-windows-ix86+x86_64, r-oldrel-macos-x86_64, r-oldrel-windows-ix86+x86_64