Last updated on 2022-03-06 12:51:13 CET.
Flavor | Version | Tinstall | Tcheck | Ttotal | Status | Flags |
---|---|---|---|---|---|---|
r-devel-linux-x86_64-debian-clang | 1.0 | 5.57 | 74.06 | 79.63 | NOTE | |
r-devel-linux-x86_64-debian-gcc | 1.0 | NOTE | ||||
r-devel-linux-x86_64-fedora-clang | 1.0 | 97.49 | NOTE | |||
r-devel-linux-x86_64-fedora-gcc | 1.0 | 89.99 | NOTE | |||
r-devel-windows-x86_64-new-UL | 1.0 | 21.00 | 89.00 | 110.00 | NOTE | |
r-devel-windows-x86_64-new-TK | 1.0 | NOTE | ||||
r-patched-linux-x86_64 | 1.0 | 5.87 | 68.18 | 74.05 | NOTE | |
r-release-linux-x86_64 | 1.0 | NOTE | ||||
r-release-macos-arm64 | 1.0 | NOTE | ||||
r-release-macos-x86_64 | 1.0 | NOTE | ||||
r-release-windows-ix86+x86_64 | 1.0 | 15.00 | 77.00 | 92.00 | NOTE | |
r-oldrel-macos-x86_64 | 1.0 | NOTE | ||||
r-oldrel-windows-ix86+x86_64 | 1.0 | 15.00 | 75.00 | 90.00 | NOTE |
Version: 1.0
Check: R code for possible problems
Result: NOTE
socp: no visible global function definition for 'as'
Undefined global functions or variables:
as
Consider adding
importFrom("methods", "as")
to your NAMESPACE file (and ensure that your DESCRIPTION Imports field
contains 'methods').
Flavors: r-devel-linux-x86_64-debian-clang, r-devel-linux-x86_64-debian-gcc, r-devel-linux-x86_64-fedora-clang, r-devel-linux-x86_64-fedora-gcc, r-devel-windows-x86_64-new-UL, r-devel-windows-x86_64-new-TK, r-patched-linux-x86_64, r-release-linux-x86_64, r-release-macos-arm64, r-release-macos-x86_64, r-release-windows-ix86+x86_64, r-oldrel-macos-x86_64, r-oldrel-windows-ix86+x86_64
Version: 1.0
Check: Rd line widths
Result: NOTE
Rd file 'socp.Rd':
\usage lines wider than 90 characters:
socp(A, b, c, kvec, type = rep('q',length(kvec)), use_sparse=TRUE, gamma_fac=.95, delta0 = .75, sigma0 = .25, mu0 = 0.01, zero_tol = 1e ... [TRUNCATED]
These lines will be truncated in the PDF manual.
Flavors: r-devel-linux-x86_64-debian-clang, r-devel-linux-x86_64-debian-gcc, r-devel-linux-x86_64-fedora-clang, r-devel-linux-x86_64-fedora-gcc, r-patched-linux-x86_64, r-release-linux-x86_64