Last updated on 2022-03-06 12:51:33 CET.
Flavor | Version | Tinstall | Tcheck | Ttotal | Status | Flags |
---|---|---|---|---|---|---|
r-devel-linux-x86_64-debian-clang | 1.0 | 5.99 | 40.35 | 46.34 | NOTE | |
r-devel-linux-x86_64-debian-gcc | 1.0 | NOTE | ||||
r-devel-linux-x86_64-fedora-clang | 1.0 | 56.65 | NOTE | |||
r-devel-linux-x86_64-fedora-gcc | 1.0 | 48.02 | NOTE | |||
r-devel-windows-x86_64-new-UL | 1.0 | 25.00 | 55.00 | 80.00 | NOTE | |
r-devel-windows-x86_64-new-TK | 1.0 | NOTE | ||||
r-patched-linux-x86_64 | 1.0 | 6.06 | 37.90 | 43.96 | NOTE | |
r-release-linux-x86_64 | 1.0 | NOTE | ||||
r-release-macos-arm64 | 1.0 | NOTE | ||||
r-release-macos-x86_64 | 1.0 | NOTE | ||||
r-release-windows-ix86+x86_64 | 1.0 | 17.00 | 56.00 | 73.00 | NOTE | |
r-oldrel-macos-x86_64 | 1.0 | NOTE | ||||
r-oldrel-windows-ix86+x86_64 | 1.0 | 13.00 | 52.00 | 65.00 | NOTE |
Version: 1.0
Check: R code for possible problems
Result: NOTE
ChaoBunge: no visible global function definition for 'qnorm'
ChaoLee1992: no visible global function definition for 'qnorm'
Pmix: no visible global function definition for 'dpois'
PmixSCon: no visible global function definition for 'dbeta'
bootPCG: no visible global function definition for 'flush.console'
bootPCG: no visible global function definition for 'quantile'
bootPnpmle: no visible global function definition for 'flush.console'
bootPnpmle: no visible global function definition for 'quantile'
bootUnpmle: no visible global function definition for 'flush.console'
bootUnpmle: no visible global function definition for 'quantile'
chao1984: no visible global function definition for 'qnorm'
jackknife: no visible global function definition for 'dbinom'
jackknife: no visible global function definition for 'qnorm'
pcg: no visible global function definition for 'flush.console'
unpmle: no visible global function definition for 'flush.console'
untrunPmix: no visible global function definition for 'dpois'
Undefined global functions or variables:
dbeta dbinom dpois flush.console qnorm quantile
Consider adding
importFrom("stats", "dbeta", "dbinom", "dpois", "qnorm", "quantile")
importFrom("utils", "flush.console")
to your NAMESPACE file.
Flavors: r-devel-linux-x86_64-debian-clang, r-devel-linux-x86_64-debian-gcc, r-devel-linux-x86_64-fedora-clang, r-devel-linux-x86_64-fedora-gcc, r-devel-windows-x86_64-new-UL, r-devel-windows-x86_64-new-TK, r-patched-linux-x86_64, r-release-linux-x86_64, r-release-macos-arm64, r-release-macos-x86_64, r-release-windows-ix86+x86_64, r-oldrel-macos-x86_64, r-oldrel-windows-ix86+x86_64
Version: 1.0
Check: compiled code
Result: NOTE
File ‘SPECIES/libs/SPECIES.so’:
Found no calls to: ‘R_registerRoutines’, ‘R_useDynamicSymbols’
It is good practice to register native routines and to disable symbol
search.
See ‘Writing portable packages’ in the ‘Writing R Extensions’ manual.
Flavors: r-devel-linux-x86_64-fedora-clang, r-devel-linux-x86_64-fedora-gcc