Last updated on 2022-03-06 12:51:12 CET.
Flavor | Version | Tinstall | Tcheck | Ttotal | Status | Flags |
---|---|---|---|---|---|---|
r-devel-linux-x86_64-debian-clang | 1.2-0 | 2.25 | 44.78 | 47.03 | NOTE | |
r-devel-linux-x86_64-debian-gcc | 1.2-0 | NOTE | ||||
r-devel-linux-x86_64-fedora-clang | 1.2-0 | 56.15 | NOTE | |||
r-devel-linux-x86_64-fedora-gcc | 1.2-0 | 45.20 | NOTE | |||
r-devel-windows-x86_64-new-UL | 1.2-0 | 19.00 | 61.00 | 80.00 | NOTE | |
r-devel-windows-x86_64-new-TK | 1.2-0 | NOTE | ||||
r-patched-linux-x86_64 | 1.2-0 | 2.25 | 43.37 | 45.62 | NOTE | |
r-release-linux-x86_64 | 1.2-0 | NOTE | ||||
r-release-macos-arm64 | 1.2-0 | NOTE | ||||
r-release-macos-x86_64 | 1.2-0 | NOTE | ||||
r-release-windows-ix86+x86_64 | 1.2-0 | 4.00 | 54.00 | 58.00 | NOTE | |
r-oldrel-macos-x86_64 | 1.2-0 | NOTE | ||||
r-oldrel-windows-ix86+x86_64 | 1.2-0 | 5.00 | 52.00 | 57.00 | NOTE |
Version: 1.2-0
Check: R code for possible problems
Result: NOTE
boot.stepAIC: no visible global function definition for 'update'
boot.stepAIC: no visible binding for global variable 'coef'
boot.stepAIC : <anonymous>: no visible global function definition for
'anova'
boot.stepAIC: no visible global function definition for 'pnorm'
Undefined global functions or variables:
anova coef pnorm update
Consider adding
importFrom("stats", "anova", "coef", "pnorm", "update")
to your NAMESPACE file.
Flavors: r-devel-linux-x86_64-debian-clang, r-devel-linux-x86_64-debian-gcc, r-devel-linux-x86_64-fedora-clang, r-devel-linux-x86_64-fedora-gcc, r-devel-windows-x86_64-new-UL, r-devel-windows-x86_64-new-TK, r-patched-linux-x86_64, r-release-linux-x86_64, r-release-macos-arm64, r-release-macos-x86_64, r-release-windows-ix86+x86_64, r-oldrel-macos-x86_64, r-oldrel-windows-ix86+x86_64
Version: 1.2-0
Check: LazyData
Result: NOTE
'LazyData' is specified without a 'data' directory
Flavors: r-devel-linux-x86_64-debian-clang, r-devel-linux-x86_64-debian-gcc, r-devel-linux-x86_64-fedora-clang, r-devel-linux-x86_64-fedora-gcc, r-devel-windows-x86_64-new-UL, r-devel-windows-x86_64-new-TK, r-patched-linux-x86_64, r-release-linux-x86_64, r-release-macos-arm64, r-release-macos-x86_64, r-release-windows-ix86+x86_64