Last updated on 2022-03-06 12:51:14 CET.
Flavor | Version | Tinstall | Tcheck | Ttotal | Status | Flags |
---|---|---|---|---|---|---|
r-devel-linux-x86_64-debian-clang | 0.1 | 1.63 | 28.24 | 29.87 | NOTE | |
r-devel-linux-x86_64-debian-gcc | 0.1 | NOTE | ||||
r-devel-linux-x86_64-fedora-clang | 0.1 | 37.21 | NOTE | |||
r-devel-linux-x86_64-fedora-gcc | 0.1 | 27.86 | NOTE | |||
r-devel-windows-x86_64-new-UL | 0.1 | 21.00 | 42.00 | 63.00 | NOTE | |
r-devel-windows-x86_64-new-TK | 0.1 | NOTE | ||||
r-patched-linux-x86_64 | 0.1 | 1.88 | 26.95 | 28.83 | NOTE | |
r-release-linux-x86_64 | 0.1 | NOTE | ||||
r-release-macos-arm64 | 0.1 | NOTE | ||||
r-release-macos-x86_64 | 0.1 | NOTE | ||||
r-release-windows-ix86+x86_64 | 0.1 | 4.00 | 24.00 | 28.00 | NOTE | |
r-oldrel-macos-x86_64 | 0.1 | NOTE | ||||
r-oldrel-windows-ix86+x86_64 | 0.1 | 3.00 | 27.00 | 30.00 | NOTE |
Version: 0.1
Check: DESCRIPTION meta-information
Result: NOTE
Malformed Description field: should contain one or more complete sentences.
Flavors: r-devel-linux-x86_64-debian-clang, r-devel-linux-x86_64-debian-gcc, r-devel-linux-x86_64-fedora-clang, r-devel-linux-x86_64-fedora-gcc, r-devel-windows-x86_64-new-UL, r-devel-windows-x86_64-new-TK, r-patched-linux-x86_64, r-release-linux-x86_64, r-release-macos-arm64, r-release-macos-x86_64, r-release-windows-ix86+x86_64, r-oldrel-macos-x86_64, r-oldrel-windows-ix86+x86_64
Version: 0.1
Check: R code for possible problems
Result: NOTE
crantastic.submitInstalledPackages: no visible global function
definition for 'installed.packages'
postData: no visible global function definition for 'make.socket'
postData: no visible global function definition for 'write.socket'
postData: no visible global function definition for 'read.socket'
postData: no visible global function definition for 'close.socket'
Undefined global functions or variables:
close.socket installed.packages make.socket read.socket write.socket
Consider adding
importFrom("utils", "close.socket", "installed.packages",
"make.socket", "read.socket", "write.socket")
to your NAMESPACE file.
Flavors: r-devel-linux-x86_64-debian-clang, r-devel-linux-x86_64-debian-gcc, r-devel-linux-x86_64-fedora-clang, r-devel-linux-x86_64-fedora-gcc, r-devel-windows-x86_64-new-UL, r-devel-windows-x86_64-new-TK, r-patched-linux-x86_64, r-release-linux-x86_64, r-release-macos-arm64, r-release-macos-x86_64, r-release-windows-ix86+x86_64, r-oldrel-macos-x86_64, r-oldrel-windows-ix86+x86_64