Last updated on 2022-03-06 12:51:18 CET.
Flavor | Version | Tinstall | Tcheck | Ttotal | Status | Flags |
---|---|---|---|---|---|---|
r-devel-linux-x86_64-debian-clang | 2.0.1 | 13.87 | 141.83 | 155.70 | NOTE | |
r-devel-linux-x86_64-debian-gcc | 2.0.1 | NOTE | ||||
r-devel-linux-x86_64-fedora-clang | 2.0.1 | 189.45 | NOTE | |||
r-devel-linux-x86_64-fedora-gcc | 2.0.1 | 181.24 | NOTE | |||
r-devel-windows-x86_64-new-UL | 2.0.1 | 49.00 | 191.00 | 240.00 | NOTE | |
r-devel-windows-x86_64-new-TK | 2.0.1 | NOTE | ||||
r-patched-linux-x86_64 | 2.0.1 | 14.66 | 129.05 | 143.71 | NOTE | |
r-release-linux-x86_64 | 2.0.1 | NOTE | ||||
r-release-macos-arm64 | 2.0.1 | NOTE | ||||
r-release-macos-x86_64 | 2.0.1 | NOTE | ||||
r-release-windows-ix86+x86_64 | 2.0.1 | 29.00 | 182.00 | 211.00 | NOTE | |
r-oldrel-macos-x86_64 | 2.0.1 | NOTE | ||||
r-oldrel-windows-ix86+x86_64 | 2.0.1 | 28.00 | 186.00 | 214.00 | NOTE |
Version: 2.0.1
Check: package dependencies
Result: NOTE
Package suggested but not available for checking: 'RHugin'
Flavors: r-devel-linux-x86_64-debian-clang, r-devel-linux-x86_64-debian-gcc, r-devel-linux-x86_64-fedora-clang, r-devel-linux-x86_64-fedora-gcc, r-devel-windows-x86_64-new-UL, r-devel-windows-x86_64-new-TK, r-patched-linux-x86_64, r-release-linux-x86_64, r-release-macos-arm64, r-release-macos-x86_64, r-release-windows-ix86+x86_64, r-oldrel-macos-x86_64, r-oldrel-windows-ix86+x86_64
Version: 2.0.1
Check: R code for possible problems
Result: NOTE
fit.dbn: no visible global function definition for 'as'
Undefined global functions or variables:
as
Consider adding
importFrom("methods", "as")
to your NAMESPACE file (and ensure that your DESCRIPTION Imports field
contains 'methods').
Flavors: r-devel-linux-x86_64-debian-clang, r-devel-linux-x86_64-debian-gcc, r-devel-linux-x86_64-fedora-clang, r-devel-linux-x86_64-fedora-gcc, r-devel-windows-x86_64-new-UL, r-devel-windows-x86_64-new-TK, r-patched-linux-x86_64, r-release-linux-x86_64, r-release-macos-arm64, r-release-macos-x86_64, r-release-windows-ix86+x86_64, r-oldrel-macos-x86_64, r-oldrel-windows-ix86+x86_64