Last updated on 2022-03-07 06:48:37 CET.
| Flavor | Version | Tinstall | Tcheck | Ttotal | Status | Flags | 
|---|---|---|---|---|---|---|
| r-devel-linux-x86_64-debian-clang | 0.1.1 | 2.75 | 31.95 | 34.70 | NOTE | |
| r-devel-linux-x86_64-debian-gcc | 0.1.1 | 2.15 | 26.36 | 28.51 | NOTE | |
| r-devel-linux-x86_64-fedora-clang | 0.1.1 | 43.04 | NOTE | |||
| r-devel-linux-x86_64-fedora-gcc | 0.1.1 | 33.60 | NOTE | |||
| r-devel-windows-x86_64-new-UL | 0.1.1 | 65.00 | 48.00 | 113.00 | NOTE | |
| r-devel-windows-x86_64-new-TK | 0.1.1 | NOTE | ||||
| r-patched-linux-x86_64 | 0.1.1 | 2.22 | 31.46 | 33.68 | NOTE | |
| r-release-linux-x86_64 | 0.1.1 | NOTE | ||||
| r-release-macos-arm64 | 0.1.1 | NOTE | ||||
| r-release-macos-x86_64 | 0.1.1 | NOTE | ||||
| r-release-windows-ix86+x86_64 | 0.1.1 | 6.00 | 40.00 | 46.00 | NOTE | |
| r-oldrel-macos-x86_64 | 0.1.1 | NOTE | ||||
| r-oldrel-windows-ix86+x86_64 | 0.1.1 | 7.00 | 40.00 | 47.00 | NOTE | 
Version: 0.1.1
Check: top-level files
Result: NOTE
    Non-standard files/directories found at top level:
      'easy_html_report_tmp_1376284934.59207.tsv'
      'easy_html_report_tmp_1376284935.5951.tsv'
      'easy_html_report_tmp_1376284936.59848.tsv'
Flavors: r-devel-linux-x86_64-debian-clang, r-devel-linux-x86_64-debian-gcc, r-devel-linux-x86_64-fedora-clang, r-devel-linux-x86_64-fedora-gcc, r-patched-linux-x86_64, r-release-linux-x86_64
Version: 0.1.1
Check: dependencies in R code
Result: NOTE
    Packages in Depends field not imported from:
      'base64enc' 'knitr' 'markdown'
      These packages need to be imported from (in the NAMESPACE file)
      for when this namespace is loaded but not attached.
Flavors: r-devel-linux-x86_64-debian-clang, r-devel-linux-x86_64-debian-gcc, r-devel-windows-x86_64-new-UL, r-patched-linux-x86_64, r-release-linux-x86_64, r-release-windows-ix86+x86_64, r-oldrel-windows-ix86+x86_64
Version: 0.1.1
Check: R code for possible problems
Result: NOTE
    .file_attachment: no visible global function definition for
      'base64encode'
    .plot_attachment: no visible global function definition for 'dev.off'
    .update_list: no visible global function definition for 'modifyList'
    easyHtmlReport: no visible global function definition for 'knit'
    easyHtmlReport: no visible global function definition for
      'markdownToHTML'
    mime_part.data.frame: no visible global function definition for
      'write.table'
    mime_part.ggplot: no visible binding for global variable 'pdf'
    mime_part.matrix: no visible global function definition for
      'write.table'
    mime_part.trellis: no visible binding for global variable 'pdf'
    simpleHtmlReport : <anonymous>: no visible global function definition
      for 'write.table'
    Undefined global functions or variables:
      base64encode dev.off knit markdownToHTML modifyList pdf write.table
    Consider adding
      importFrom("grDevices", "dev.off", "pdf")
      importFrom("utils", "modifyList", "write.table")
    to your NAMESPACE file.
Flavors: r-devel-linux-x86_64-debian-clang, r-devel-linux-x86_64-debian-gcc, r-devel-linux-x86_64-fedora-clang, r-devel-linux-x86_64-fedora-gcc, r-devel-windows-x86_64-new-UL, r-devel-windows-x86_64-new-TK, r-patched-linux-x86_64, r-release-linux-x86_64, r-release-macos-arm64, r-release-macos-x86_64, r-release-windows-ix86+x86_64, r-oldrel-macos-x86_64, r-oldrel-windows-ix86+x86_64
Version: 0.1.1
Check: dependencies in R code
Result: NOTE
    Namespaces in Imports field not imported from:
      ‘ggplot2’ ‘reshape2’ ‘scales’ ‘xtable’
      All declared Imports should be used.
    Packages in Depends field not imported from:
      ‘base64enc’ ‘knitr’ ‘markdown’
      These packages need to be imported from (in the NAMESPACE file)
      for when this namespace is loaded but not attached.
Flavors: r-devel-linux-x86_64-fedora-clang, r-devel-linux-x86_64-fedora-gcc, r-devel-windows-x86_64-new-TK, r-release-macos-arm64, r-release-macos-x86_64, r-oldrel-macos-x86_64