Last updated on 2022-03-07 07:49:36 CET.
Flavor | Version | Tinstall | Tcheck | Ttotal | Status | Flags |
---|---|---|---|---|---|---|
r-devel-linux-x86_64-debian-clang | 0.1.0 | 1.90 | 29.47 | 31.37 | NOTE | |
r-devel-linux-x86_64-debian-gcc | 0.1.0 | 1.80 | 22.81 | 24.61 | NOTE | |
r-devel-linux-x86_64-fedora-clang | 0.1.0 | 38.48 | NOTE | |||
r-devel-linux-x86_64-fedora-gcc | 0.1.0 | 27.94 | NOTE | |||
r-devel-windows-x86_64-new-UL | 0.1.0 | 23.00 | 51.00 | 74.00 | NOTE | |
r-devel-windows-x86_64-new-TK | 0.1.0 | NOTE | ||||
r-patched-linux-x86_64 | 0.1.0 | 1.88 | 27.95 | 29.83 | NOTE | |
r-release-linux-x86_64 | 0.1.0 | NOTE | ||||
r-release-macos-arm64 | 0.1.0 | NOTE | ||||
r-release-macos-x86_64 | 0.1.0 | NOTE | ||||
r-release-windows-ix86+x86_64 | 0.1.0 | 6.00 | 38.00 | 44.00 | NOTE | |
r-oldrel-macos-x86_64 | 0.1.0 | NOTE | ||||
r-oldrel-windows-ix86+x86_64 | 0.1.0 | 6.00 | 37.00 | 43.00 | OK |
Version: 0.1.0
Check: LazyData
Result: NOTE
'LazyData' is specified without a 'data' directory
Flavors: r-devel-linux-x86_64-debian-clang, r-devel-linux-x86_64-debian-gcc, r-devel-linux-x86_64-fedora-clang, r-devel-linux-x86_64-fedora-gcc, r-devel-windows-x86_64-new-UL, r-devel-windows-x86_64-new-TK, r-patched-linux-x86_64, r-release-linux-x86_64, r-release-macos-arm64, r-release-macos-x86_64, r-release-windows-ix86+x86_64
Version: 0.1.0
Check: dependencies in R code
Result: NOTE
Namespaces in Imports field not imported from:
‘QuantPsyc’ ‘corrgram’ ‘dplyr’ ‘forecast’ ‘psych’ ‘shinyAce’
All declared Imports should be used.
Flavors: r-devel-linux-x86_64-fedora-clang, r-devel-linux-x86_64-fedora-gcc, r-devel-windows-x86_64-new-TK, r-release-macos-arm64, r-release-macos-x86_64, r-oldrel-macos-x86_64