Last updated on 2022-03-07 07:49:40 CET.
Flavor | Version | Tinstall | Tcheck | Ttotal | Status | Flags |
---|---|---|---|---|---|---|
r-devel-linux-x86_64-debian-clang | 1.5 | 3.12 | 64.11 | 67.23 | NOTE | |
r-devel-linux-x86_64-debian-gcc | 1.5 | 2.25 | 48.13 | 50.38 | NOTE | |
r-devel-linux-x86_64-fedora-clang | 1.5 | 78.00 | NOTE | |||
r-devel-linux-x86_64-fedora-gcc | 1.5 | 68.65 | NOTE | |||
r-devel-windows-x86_64-new-UL | 1.5 | 39.00 | 79.00 | 118.00 | NOTE | |
r-devel-windows-x86_64-new-TK | 1.5 | NOTE | ||||
r-patched-linux-x86_64 | 1.5 | 2.86 | 61.00 | 63.86 | NOTE | |
r-release-linux-x86_64 | 1.5 | NOTE | ||||
r-release-macos-arm64 | 1.5 | NOTE | ||||
r-release-macos-x86_64 | 1.5 | NOTE | ||||
r-release-windows-ix86+x86_64 | 1.5 | 6.00 | 76.00 | 82.00 | NOTE | |
r-oldrel-macos-x86_64 | 1.5 | NOTE | ||||
r-oldrel-windows-ix86+x86_64 | 1.5 | 6.00 | 73.00 | 79.00 | NOTE |
Version: 1.5
Check: top-level files
Result: NOTE
Non-standard file/directory found at top level:
'README.txt'
Flavors: r-devel-linux-x86_64-debian-clang, r-devel-linux-x86_64-debian-gcc, r-devel-linux-x86_64-fedora-clang, r-devel-linux-x86_64-fedora-gcc, r-patched-linux-x86_64, r-release-linux-x86_64
Version: 1.5
Check: R code for possible problems
Result: NOTE
ClassLog: no visible global function definition for 'predict'
Kurt: no visible global function definition for 'var'
Kurt: no visible global function definition for 'pnorm'
Make.Z: no visible binding for global variable 'sd'
Normalize: no visible global function definition for 'qnorm'
Normalize: no visible global function definition for 'sd'
Skew: no visible global function definition for 'var'
Skew: no visible global function definition for 'pnorm'
distal.med: no visible global function definition for 'lm'
distal.med: no visible global function definition for 'vcov'
eda.uni: no visible global function definition for 'par'
eda.uni: no visible global function definition for 'hist'
eda.uni: no visible global function definition for 'density'
eda.uni: no visible global function definition for 'qqnorm'
eda.uni: no visible global function definition for 'qqline'
eda.uni: no visible global function definition for 'boxplot'
graph.mod: no visible global function definition for 'sd'
graph.mod: no visible global function definition for 'abline'
graph.mod: no visible global function definition for 'legend'
graph.mod: no visible global function definition for 'locator'
lm.beta: no visible binding for global variable 'sd'
moderate.lm: no visible global function definition for 'lm'
moderate.lm: no visible binding for global variable 'na.omit'
mult.norm: no visible global function definition for 'var'
mult.norm: no visible global function definition for 'na.omit'
mult.norm: no visible global function definition for 'qchisq'
mult.norm: no visible global function definition for 'pchisq'
mult.norm: no visible global function definition for 'pnorm'
plotNormX: no visible global function definition for 'density'
plotNormX: no visible global function definition for 'lines'
plotNormX: no visible global function definition for 'qnorm'
plotNormX: no visible global function definition for 'ppoints'
plotNormX: no visible global function definition for 'sd'
plotNormXm: no visible global function definition for 'density'
plotNormXm: no visible global function definition for 'lines'
plotNormXm: no visible global function definition for 'qnorm'
plotNormXm: no visible global function definition for 'ppoints'
plotNormXm: no visible global function definition for 'sd'
powerF: no visible global function definition for 'pf'
powerF: no visible global function definition for 'qf'
proximal.med: no visible global function definition for 'lm'
sim.slopes: no visible global function definition for 'sd'
sim.slopes: no visible global function definition for 'vcov'
sim.slopes: no visible global function definition for 'qt'
Undefined global functions or variables:
abline boxplot density hist legend lines lm locator na.omit par
pchisq pf pnorm ppoints predict qchisq qf qnorm qqline qqnorm qt sd
var vcov
Consider adding
importFrom("graphics", "abline", "boxplot", "hist", "legend", "lines",
"locator", "par")
importFrom("stats", "density", "lm", "na.omit", "pchisq", "pf",
"pnorm", "ppoints", "predict", "qchisq", "qf", "qnorm",
"qqline", "qqnorm", "qt", "sd", "var", "vcov")
to your NAMESPACE file.
Found the following calls to attach():
File 'QuantPsyc/R/graph.mod.R':
attach(data)
File 'QuantPsyc/R/moderate.lm.R':
attach(data)
See section 'Good practice' in '?attach'.
Flavors: r-devel-linux-x86_64-debian-clang, r-devel-linux-x86_64-debian-gcc, r-patched-linux-x86_64, r-release-linux-x86_64
Version: 1.5
Check: Rd line widths
Result: NOTE
Rd file 'graph.mod.Rd':
\usage lines wider than 90 characters:
graph.mod(ssmod, x, y, data, title = "", xlab = "Centered X", ylab = "Raw Y", ylimit = 1.5, ...)
These lines will be truncated in the PDF manual.
Flavors: r-devel-linux-x86_64-debian-clang, r-devel-linux-x86_64-debian-gcc, r-devel-linux-x86_64-fedora-clang, r-devel-linux-x86_64-fedora-gcc, r-patched-linux-x86_64, r-release-linux-x86_64
Version: 1.5
Check: for non-standard things in the check directory
Result: NOTE
Found the following files/directories:
'Judge.pdf'
Flavors: r-devel-linux-x86_64-debian-clang, r-devel-linux-x86_64-debian-gcc, r-devel-linux-x86_64-fedora-clang, r-devel-linux-x86_64-fedora-gcc, r-patched-linux-x86_64, r-release-linux-x86_64
Version: 1.5
Check: R code for possible problems
Result: NOTE
ClassLog: no visible global function definition for ‘predict’
Kurt: no visible global function definition for ‘var’
Kurt: no visible global function definition for ‘pnorm’
Make.Z: no visible binding for global variable ‘sd’
Normalize: no visible global function definition for ‘qnorm’
Normalize: no visible global function definition for ‘sd’
Skew: no visible global function definition for ‘var’
Skew: no visible global function definition for ‘pnorm’
distal.med: no visible global function definition for ‘lm’
distal.med: no visible global function definition for ‘vcov’
eda.uni: no visible global function definition for ‘par’
eda.uni: no visible global function definition for ‘hist’
eda.uni: no visible global function definition for ‘density’
eda.uni: no visible global function definition for ‘qqnorm’
eda.uni: no visible global function definition for ‘qqline’
eda.uni: no visible global function definition for ‘boxplot’
graph.mod: no visible global function definition for ‘sd’
graph.mod: no visible global function definition for ‘abline’
graph.mod: no visible global function definition for ‘legend’
graph.mod: no visible global function definition for ‘locator’
lm.beta: no visible binding for global variable ‘sd’
moderate.lm: no visible global function definition for ‘lm’
moderate.lm: no visible binding for global variable ‘na.omit’
mult.norm: no visible global function definition for ‘var’
mult.norm: no visible global function definition for ‘na.omit’
mult.norm: no visible global function definition for ‘qchisq’
mult.norm: no visible global function definition for ‘pchisq’
mult.norm: no visible global function definition for ‘pnorm’
plotNormX: no visible global function definition for ‘density’
plotNormX: no visible global function definition for ‘lines’
plotNormX: no visible global function definition for ‘qnorm’
plotNormX: no visible global function definition for ‘ppoints’
plotNormX: no visible global function definition for ‘sd’
plotNormXm: no visible global function definition for ‘density’
plotNormXm: no visible global function definition for ‘lines’
plotNormXm: no visible global function definition for ‘qnorm’
plotNormXm: no visible global function definition for ‘ppoints’
plotNormXm: no visible global function definition for ‘sd’
powerF: no visible global function definition for ‘pf’
powerF: no visible global function definition for ‘qf’
proximal.med: no visible global function definition for ‘lm’
sim.slopes: no visible global function definition for ‘sd’
sim.slopes: no visible global function definition for ‘vcov’
sim.slopes: no visible global function definition for ‘qt’
Undefined global functions or variables:
abline boxplot density hist legend lines lm locator na.omit par
pchisq pf pnorm ppoints predict qchisq qf qnorm qqline qqnorm qt sd
var vcov
Consider adding
importFrom("graphics", "abline", "boxplot", "hist", "legend", "lines",
"locator", "par")
importFrom("stats", "density", "lm", "na.omit", "pchisq", "pf",
"pnorm", "ppoints", "predict", "qchisq", "qf", "qnorm",
"qqline", "qqnorm", "qt", "sd", "var", "vcov")
to your NAMESPACE file.
Flavors: r-devel-linux-x86_64-fedora-clang, r-devel-linux-x86_64-fedora-gcc, r-devel-windows-x86_64-new-UL, r-devel-windows-x86_64-new-TK, r-release-macos-arm64, r-release-macos-x86_64, r-release-windows-ix86+x86_64, r-oldrel-macos-x86_64, r-oldrel-windows-ix86+x86_64