Last updated on 2022-03-07 06:48:51 CET.
Flavor | Version | Tinstall | Tcheck | Ttotal | Status | Flags |
---|---|---|---|---|---|---|
r-devel-linux-x86_64-debian-clang | 1.0 | 5.13 | 67.13 | 72.26 | NOTE | |
r-devel-linux-x86_64-debian-gcc | 1.0 | 6.38 | 51.83 | 58.21 | NOTE | |
r-devel-linux-x86_64-fedora-clang | 1.0 | 88.05 | NOTE | |||
r-devel-linux-x86_64-fedora-gcc | 1.0 | 78.17 | NOTE | |||
r-devel-windows-x86_64-new-UL | 1.0 | 15.00 | 79.00 | 94.00 | NOTE | |
r-devel-windows-x86_64-new-TK | 1.0 | NOTE | ||||
r-patched-linux-x86_64 | 1.0 | 5.86 | 62.60 | 68.46 | NOTE | |
r-release-linux-x86_64 | 1.0 | NOTE | ||||
r-release-macos-arm64 | 1.0 | NOTE | ||||
r-release-macos-x86_64 | 1.0 | NOTE | ||||
r-release-windows-ix86+x86_64 | 1.0 | 15.00 | 73.00 | 88.00 | NOTE | |
r-oldrel-macos-x86_64 | 1.0 | NOTE | ||||
r-oldrel-windows-ix86+x86_64 | 1.0 | 15.00 | 71.00 | 86.00 | NOTE |
Version: 1.0
Check: top-level files
Result: NOTE
Non-standard file/directory found at top level:
'Read-and-delete-me'
Flavors: r-devel-linux-x86_64-debian-clang, r-devel-linux-x86_64-debian-gcc, r-devel-linux-x86_64-fedora-clang, r-devel-linux-x86_64-fedora-gcc, r-patched-linux-x86_64, r-release-linux-x86_64
Version: 1.0
Check: dependencies in R code
Result: NOTE
'library' or 'require' calls to packages already attached by Depends:
'MASS' 'survival'
Please remove these calls from your code.
Packages in Depends field not imported from:
'MASS' 'survival'
These packages need to be imported from (in the NAMESPACE file)
for when this namespace is loaded but not attached.
Flavors: r-devel-linux-x86_64-debian-clang, r-devel-linux-x86_64-debian-gcc, r-devel-linux-x86_64-fedora-clang, r-devel-linux-x86_64-fedora-gcc, r-devel-windows-x86_64-new-UL, r-devel-windows-x86_64-new-TK, r-patched-linux-x86_64, r-release-linux-x86_64, r-release-macos-arm64, r-release-macos-x86_64, r-release-windows-ix86+x86_64, r-oldrel-macos-x86_64, r-oldrel-windows-ix86+x86_64
Version: 1.0
Check: R code for possible problems
Result: NOTE
GenerateData: no visible global function definition for 'mvrnorm'
GetVarImp : FitPenalizedModel: no visible global function definition
for 'clogit'
Undefined global functions or variables:
clogit mvrnorm
Flavors: r-devel-linux-x86_64-debian-clang, r-devel-linux-x86_64-debian-gcc, r-devel-linux-x86_64-fedora-clang, r-devel-linux-x86_64-fedora-gcc, r-devel-windows-x86_64-new-UL, r-devel-windows-x86_64-new-TK, r-patched-linux-x86_64, r-release-linux-x86_64, r-release-macos-arm64, r-release-macos-x86_64, r-release-windows-ix86+x86_64, r-oldrel-macos-x86_64, r-oldrel-windows-ix86+x86_64
Version: 1.0
Check: Rd line widths
Result: NOTE
Rd file 'GetVarImp.Rd':
\examples lines wider than 100 characters:
hist(MyResults, breaks=6, col="orange", xlab="Importance score", ylab="Number of features", main="Histogram of R-PCLR variable importan ... [TRUNCATED]
## Sort from most important (highest importance score) to least important feature (lowest importance score)
These lines will be truncated in the PDF manual.
Flavors: r-devel-linux-x86_64-debian-clang, r-devel-linux-x86_64-debian-gcc, r-devel-linux-x86_64-fedora-clang, r-devel-linux-x86_64-fedora-gcc, r-patched-linux-x86_64, r-release-linux-x86_64