Last updated on 2022-03-07 06:48:52 CET.
Flavor | Version | Tinstall | Tcheck | Ttotal | Status | Flags |
---|---|---|---|---|---|---|
r-devel-linux-x86_64-debian-clang | 1.0-1.1 | 2.71 | 30.94 | 33.65 | NOTE | |
r-devel-linux-x86_64-debian-gcc | 1.0-1.1 | 1.87 | 24.42 | 26.29 | NOTE | |
r-devel-linux-x86_64-fedora-clang | 1.0-1.1 | 41.24 | NOTE | |||
r-devel-linux-x86_64-fedora-gcc | 1.0-1.1 | 31.54 | NOTE | |||
r-devel-windows-x86_64-new-UL | 1.0-1.1 | 35.00 | 45.00 | 80.00 | NOTE | |
r-devel-windows-x86_64-new-TK | 1.0-1.1 | NOTE | ||||
r-patched-linux-x86_64 | 1.0-1.1 | 2.14 | 30.06 | 32.20 | NOTE | |
r-release-linux-x86_64 | 1.0-1.1 | NOTE | ||||
r-release-macos-arm64 | 1.0-1.1 | NOTE | ||||
r-release-macos-x86_64 | 1.0-1.1 | NOTE | ||||
r-release-windows-ix86+x86_64 | 1.0-1.1 | 5.00 | 37.00 | 42.00 | NOTE | |
r-oldrel-macos-x86_64 | 1.0-1.1 | NOTE | ||||
r-oldrel-windows-ix86+x86_64 | 1.0-1.1 | 5.00 | 31.00 | 36.00 | NOTE |
Version: 1.0-1.1
Check: top-level files
Result: NOTE
File
LICENSE
is not mentioned in the DESCRIPTION file.
Flavors: r-devel-linux-x86_64-debian-clang, r-devel-linux-x86_64-debian-gcc, r-devel-linux-x86_64-fedora-clang, r-devel-linux-x86_64-fedora-gcc, r-devel-windows-x86_64-new-UL, r-devel-windows-x86_64-new-TK, r-patched-linux-x86_64, r-release-linux-x86_64, r-release-macos-arm64, r-release-macos-x86_64, r-release-windows-ix86+x86_64, r-oldrel-macos-x86_64, r-oldrel-windows-ix86+x86_64