Last updated on 2022-03-07 06:48:45 CET.
Flavor | Version | Tinstall | Tcheck | Ttotal | Status | Flags |
---|---|---|---|---|---|---|
r-devel-linux-x86_64-debian-clang | 0.7.3 | 4.88 | 49.41 | 54.29 | NOTE | |
r-devel-linux-x86_64-debian-gcc | 0.7.3 | 3.77 | 39.58 | 43.35 | NOTE | |
r-devel-linux-x86_64-fedora-clang | 0.7.3 | 65.43 | NOTE | |||
r-devel-linux-x86_64-fedora-gcc | 0.7.3 | 53.97 | NOTE | |||
r-devel-windows-x86_64-new-UL | 0.7.3 | 12.00 | 70.00 | 82.00 | NOTE | |
r-devel-windows-x86_64-new-TK | 0.7.3 | NOTE | ||||
r-patched-linux-x86_64 | 0.7.3 | 3.77 | 46.29 | 50.06 | NOTE | |
r-release-linux-x86_64 | 0.7.3 | NOTE | ||||
r-release-macos-arm64 | 0.7.3 | NOTE | ||||
r-release-macos-x86_64 | 0.7.3 | NOTE | ||||
r-release-windows-ix86+x86_64 | 0.7.3 | 10.00 | 58.00 | 68.00 | NOTE | |
r-oldrel-macos-x86_64 | 0.7.3 | NOTE | ||||
r-oldrel-windows-ix86+x86_64 | 0.7.3 | 10.00 | 59.00 | 69.00 | NOTE |
Version: 0.7.3
Check: DESCRIPTION meta-information
Result: NOTE
Malformed Description field: should contain one or more complete sentences.
Flavors: r-devel-linux-x86_64-debian-clang, r-devel-linux-x86_64-debian-gcc, r-devel-linux-x86_64-fedora-clang, r-devel-linux-x86_64-fedora-gcc, r-devel-windows-x86_64-new-UL, r-devel-windows-x86_64-new-TK, r-patched-linux-x86_64, r-release-linux-x86_64, r-release-macos-arm64, r-release-macos-x86_64, r-release-windows-ix86+x86_64, r-oldrel-macos-x86_64, r-oldrel-windows-ix86+x86_64
Version: 0.7.3
Check: top-level files
Result: NOTE
Non-standard file/directory found at top level:
'mpa-Ex.R'
Flavors: r-devel-linux-x86_64-debian-clang, r-devel-linux-x86_64-debian-gcc, r-devel-linux-x86_64-fedora-clang, r-devel-linux-x86_64-fedora-gcc, r-patched-linux-x86_64, r-release-linux-x86_64
Version: 0.7.3
Check: R code for possible problems
Result: NOTE
NB: .First.lib is obsolete and will not be used in R >= 3.0.0
File 'mpa/R/zzz.R':
.First.lib calls:
cat("\n mpa: CoWords Method")
cat("\n ")
cat("\n Universidad Nacional de Colombia")
cat("\n ")
cat("\n Elaborado por: Daniel Rodriguez <dhrodriguezt@unal.edu.co>")
cat("\n Campo Elias Pardo <cepardot@unal.edu.co>")
cat("\n For help: ?mpa \n\n")
Package startup functions should use 'packageStartupMessage' to
generate messages.
See section 'Good practice' in '?.onAttach'.
diagram.mpa: no visible global function definition for 'abline'
diagram.mpa: no visible global function definition for 'text'
Undefined global functions or variables:
abline text
Consider adding
importFrom("graphics", "abline", "text")
to your NAMESPACE file.
Flavors: r-devel-linux-x86_64-debian-clang, r-devel-linux-x86_64-debian-gcc, r-devel-linux-x86_64-fedora-clang, r-devel-linux-x86_64-fedora-gcc, r-devel-windows-x86_64-new-UL, r-devel-windows-x86_64-new-TK, r-patched-linux-x86_64, r-release-linux-x86_64, r-release-macos-arm64, r-release-macos-x86_64, r-release-windows-ix86+x86_64, r-oldrel-macos-x86_64, r-oldrel-windows-ix86+x86_64
Version: 0.7.3
Check: data for non-ASCII characters
Result: NOTE
Note: found 6 marked UTF-8 strings
Flavors: r-devel-linux-x86_64-fedora-clang, r-devel-linux-x86_64-fedora-gcc, r-devel-windows-x86_64-new-TK, r-release-macos-arm64, r-release-macos-x86_64, r-oldrel-macos-x86_64