Last updated on 2022-03-07 06:48:48 CET.
| Flavor | Version | Tinstall | Tcheck | Ttotal | Status | Flags | 
|---|---|---|---|---|---|---|
| r-devel-linux-x86_64-debian-clang | 1.0.1 | 1.40 | 36.70 | 38.10 | NOTE | |
| r-devel-linux-x86_64-debian-gcc | 1.0.1 | 1.54 | 28.09 | 29.63 | NOTE | |
| r-devel-linux-x86_64-fedora-clang | 1.0.1 | 46.26 | NOTE | |||
| r-devel-linux-x86_64-fedora-gcc | 1.0.1 | 35.83 | NOTE | |||
| r-devel-windows-x86_64-new-UL | 1.0.1 | 24.00 | 60.00 | 84.00 | NOTE | |
| r-devel-windows-x86_64-new-TK | 1.0.1 | NOTE | ||||
| r-patched-linux-x86_64 | 1.0.1 | 2.24 | 36.12 | 38.36 | NOTE | |
| r-release-linux-x86_64 | 1.0.1 | NOTE | ||||
| r-release-macos-arm64 | 1.0.1 | NOTE | ||||
| r-release-macos-x86_64 | 1.0.1 | NOTE | ||||
| r-release-windows-ix86+x86_64 | 1.0.1 | 5.00 | 48.00 | 53.00 | NOTE | |
| r-oldrel-macos-x86_64 | 1.0.1 | NOTE | ||||
| r-oldrel-windows-ix86+x86_64 | 1.0.1 | 6.00 | 43.00 | 49.00 | NOTE | 
Version: 1.0.1
Check: top-level files
Result: NOTE
    Non-standard file/directory found at top level:
      'TODO.md'
Flavors: r-devel-linux-x86_64-debian-clang, r-devel-linux-x86_64-debian-gcc, r-devel-linux-x86_64-fedora-clang, r-devel-linux-x86_64-fedora-gcc, r-patched-linux-x86_64, r-release-linux-x86_64
Version: 1.0.1
Check: dependencies in R code
Result: NOTE
    'library' or 'require' call to 'rgenoud' in package code.
      Please use :: or requireNamespace() instead.
      See section 'Suggested packages' in the 'Writing R Extensions' manual.
Flavors: r-devel-linux-x86_64-debian-clang, r-devel-linux-x86_64-debian-gcc, r-devel-linux-x86_64-fedora-clang, r-devel-linux-x86_64-fedora-gcc, r-devel-windows-x86_64-new-UL, r-devel-windows-x86_64-new-TK, r-patched-linux-x86_64, r-release-linux-x86_64, r-release-macos-arm64, r-release-macos-x86_64, r-release-windows-ix86+x86_64, r-oldrel-macos-x86_64, r-oldrel-windows-ix86+x86_64
Version: 1.0.1
Check: R code for possible problems
Result: NOTE
    smooth: no visible global function definition for 'genoud'
    Undefined global functions or variables:
      genoud
Flavors: r-devel-linux-x86_64-debian-clang, r-devel-linux-x86_64-debian-gcc, r-devel-linux-x86_64-fedora-clang, r-devel-linux-x86_64-fedora-gcc, r-devel-windows-x86_64-new-UL, r-devel-windows-x86_64-new-TK, r-patched-linux-x86_64, r-release-linux-x86_64, r-release-macos-arm64, r-release-macos-x86_64, r-release-windows-ix86+x86_64, r-oldrel-macos-x86_64, r-oldrel-windows-ix86+x86_64