Last updated on 2022-03-07 07:49:47 CET.
Flavor | Version | Tinstall | Tcheck | Ttotal | Status | Flags |
---|---|---|---|---|---|---|
r-devel-linux-x86_64-debian-clang | 0.1.2 | 2.96 | 41.29 | 44.25 | NOTE | |
r-devel-linux-x86_64-debian-gcc | 0.1.2 | 2.33 | 32.92 | 35.25 | NOTE | |
r-devel-linux-x86_64-fedora-clang | 0.1.2 | 55.89 | NOTE | |||
r-devel-linux-x86_64-fedora-gcc | 0.1.2 | 45.48 | NOTE | |||
r-devel-windows-x86_64-new-UL | 0.1.2 | 26.00 | 76.00 | 102.00 | NOTE | |
r-devel-windows-x86_64-new-TK | 0.1.2 | NOTE | ||||
r-patched-linux-x86_64 | 0.1.2 | 2.16 | 39.62 | 41.78 | NOTE | |
r-release-linux-x86_64 | 0.1.2 | NOTE | ||||
r-release-macos-arm64 | 0.1.2 | NOTE | ||||
r-release-macos-x86_64 | 0.1.2 | NOTE | ||||
r-release-windows-ix86+x86_64 | 0.1.2 | 6.00 | 55.00 | 61.00 | NOTE | |
r-oldrel-macos-x86_64 | 0.1.2 | NOTE | ||||
r-oldrel-windows-ix86+x86_64 | 0.1.2 | 7.00 | 56.00 | 63.00 | NOTE |
Version: 0.1.2
Check: DESCRIPTION meta-information
Result: NOTE
Malformed Description field: should contain one or more complete sentences.
Flavors: r-devel-linux-x86_64-debian-clang, r-devel-linux-x86_64-debian-gcc, r-devel-linux-x86_64-fedora-clang, r-devel-linux-x86_64-fedora-gcc, r-devel-windows-x86_64-new-UL, r-devel-windows-x86_64-new-TK, r-patched-linux-x86_64, r-release-linux-x86_64, r-release-macos-arm64, r-release-macos-x86_64, r-release-windows-ix86+x86_64, r-oldrel-macos-x86_64, r-oldrel-windows-ix86+x86_64