Last updated on 2022-03-07 06:48:57 CET.
| Flavor | Version | Tinstall | Tcheck | Ttotal | Status | Flags | 
|---|---|---|---|---|---|---|
| r-devel-linux-x86_64-debian-clang | 0.3.0 | 22.55 | 54.26 | 76.81 | NOTE | |
| r-devel-linux-x86_64-debian-gcc | 0.3.0 | 22.20 | 45.62 | 67.82 | NOTE | |
| r-devel-linux-x86_64-fedora-clang | 0.3.0 | 96.54 | NOTE | |||
| r-devel-linux-x86_64-fedora-gcc | 0.3.0 | 85.53 | NOTE | |||
| r-devel-windows-x86_64-new-UL | 0.3.0 | 40.00 | 71.00 | 111.00 | NOTE | |
| r-devel-windows-x86_64-new-TK | 0.3.0 | NOTE | ||||
| r-patched-linux-x86_64 | 0.3.0 | 26.47 | 50.18 | 76.65 | NOTE | |
| r-release-linux-x86_64 | 0.3.0 | NOTE | ||||
| r-release-macos-arm64 | 0.3.0 | NOTE | ||||
| r-release-macos-x86_64 | 0.3.0 | NOTE | ||||
| r-release-windows-ix86+x86_64 | 0.3.0 | 35.00 | 62.00 | 97.00 | NOTE | |
| r-oldrel-macos-x86_64 | 0.3.0 | NOTE | ||||
| r-oldrel-windows-ix86+x86_64 | 0.3.0 | 34.00 | 57.00 | 91.00 | NOTE | 
Version: 0.3.0
Check: top-level files
Result: NOTE
    Non-standard file/directory found at top level:
      'vwr-Ex.R'
Flavors: r-devel-linux-x86_64-debian-clang, r-devel-linux-x86_64-debian-gcc, r-devel-linux-x86_64-fedora-clang, r-devel-linux-x86_64-fedora-gcc, r-patched-linux-x86_64, r-release-linux-x86_64
Version: 0.3.0
Check: dependencies in R code
Result: NOTE
    Packages in Depends field not imported from:
      'lattice' 'latticeExtra' 'stringdist'
      These packages need to be imported from (in the NAMESPACE file)
      for when this namespace is loaded but not attached.
Flavors: r-devel-linux-x86_64-debian-clang, r-devel-linux-x86_64-debian-gcc, r-devel-linux-x86_64-fedora-clang, r-devel-linux-x86_64-fedora-gcc, r-devel-windows-x86_64-new-UL, r-devel-windows-x86_64-new-TK, r-patched-linux-x86_64, r-release-linux-x86_64, r-release-macos-arm64, r-release-macos-x86_64, r-release-windows-ix86+x86_64, r-oldrel-macos-x86_64, r-oldrel-windows-ix86+x86_64
Version: 0.3.0
Check: R code for possible problems
Result: NOTE
    ald: no visible global function definition for 'detectCores'
    ald: no visible global function definition for 'mclapply'
    coltheart.N: no visible global function definition for 'detectCores'
    coltheart.N: no visible global function definition for 'mclapply'
    hamming.distance: no visible global function definition for
      'stringdist'
    ldknn: no visible global function definition for 'detectCores'
    ldknn: no visible global function definition for 'mclapply'
    ldknn.odds: no visible global function definition for 'glm'
    ldknn.odds: no visible binding for global variable 'binomial'
    ldknn.odds: no visible global function definition for 'coefficients'
    levenshtein.damerau.distance: no visible global function definition for
      'stringdist'
    levenshtein.distance: no visible global function definition for
      'stringdist'
    plot.ldknn.run: no visible global function definition for 'histogram'
    plot.ldknn.run: no visible global function definition for
      'theEconomist.theme'
    plot.ldknn.run: no visible global function definition for 'xyplot'
    plot.ldknn.run: no visible global function definition for 'as.layer'
    Undefined global functions or variables:
      as.layer binomial coefficients detectCores glm histogram mclapply
      stringdist theEconomist.theme xyplot
    Consider adding
      importFrom("stats", "binomial", "coefficients", "glm")
    to your NAMESPACE file.
Flavors: r-devel-linux-x86_64-debian-clang, r-devel-linux-x86_64-debian-gcc, r-devel-linux-x86_64-fedora-clang, r-devel-linux-x86_64-fedora-gcc, r-devel-windows-x86_64-new-UL, r-devel-windows-x86_64-new-TK, r-patched-linux-x86_64, r-release-linux-x86_64, r-release-macos-arm64, r-release-macos-x86_64, r-release-windows-ix86+x86_64, r-oldrel-macos-x86_64, r-oldrel-windows-ix86+x86_64
Version: 0.3.0
Check: data for non-ASCII characters
Result: NOTE
      Note: found 358074 marked UTF-8 strings
Flavors: r-devel-linux-x86_64-fedora-clang, r-devel-linux-x86_64-fedora-gcc, r-devel-windows-x86_64-new-TK, r-release-macos-arm64, r-release-macos-x86_64, r-oldrel-macos-x86_64