Last updated on 2022-03-10 06:50:19 CET.
| Flavor | Version | Tinstall | Tcheck | Ttotal | Status | Flags | 
|---|---|---|---|---|---|---|
| r-devel-linux-x86_64-debian-clang | 1.0.2 | 4.74 | 12.05 | 16.79 | ERROR | |
| r-devel-linux-x86_64-debian-gcc | 1.0.2 | 3.54 | 9.26 | 12.80 | ERROR | |
| r-devel-linux-x86_64-fedora-clang | 1.0.2 | 19.03 | ERROR | |||
| r-devel-linux-x86_64-fedora-gcc | 1.0.2 | 7.71 | ERROR | |||
| r-devel-windows-x86_64-new-UL | 1.0.2 | 11.00 | 8.00 | 19.00 | ERROR | |
| r-devel-windows-x86_64-new-TK | 1.0.2 | ERROR | ||||
| r-patched-linux-x86_64 | 1.0.2 | 2.40 | 11.68 | 14.08 | ERROR | |
| r-release-linux-x86_64 | 1.0.2 | ERROR | ||||
| r-release-macos-arm64 | 1.0.2 | NOTE | ||||
| r-release-macos-x86_64 | 1.0.2 | NOTE | ||||
| r-release-windows-ix86+x86_64 | 1.0.2 | 7.00 | 8.00 | 15.00 | ERROR | |
| r-oldrel-macos-x86_64 | 1.0.2 | OK | ||||
| r-oldrel-windows-ix86+x86_64 | 1.0.2 | 6.00 | 8.00 | 14.00 | ERROR | 
Version: 1.0.2
Check: whether package can be installed
Result: ERROR
    Installation failed.
Flavors: r-devel-linux-x86_64-debian-clang, r-devel-linux-x86_64-debian-gcc, r-devel-linux-x86_64-fedora-clang, r-devel-linux-x86_64-fedora-gcc, r-devel-windows-x86_64-new-UL, r-devel-windows-x86_64-new-TK, r-patched-linux-x86_64, r-release-linux-x86_64, r-release-windows-ix86+x86_64, r-oldrel-windows-ix86+x86_64
Version: 1.0.2
Check: LazyData
Result: NOTE
      'LazyData' is specified without a 'data' directory
Flavors: r-release-macos-arm64, r-release-macos-x86_64