Last updated on 2022-03-10 06:50:28 CET.
Flavor | Version | Tinstall | Tcheck | Ttotal | Status | Flags |
---|---|---|---|---|---|---|
r-devel-linux-x86_64-debian-clang | 1.0.0 | 10.99 | 136.09 | 147.08 | WARN | |
r-devel-linux-x86_64-debian-gcc | 1.0.0 | 8.41 | 98.48 | 106.89 | WARN | |
r-devel-linux-x86_64-fedora-clang | 1.0.0 | 172.11 | WARN | |||
r-devel-linux-x86_64-fedora-gcc | 1.0.0 | 170.81 | WARN | |||
r-devel-windows-x86_64-new-UL | 1.0.0 | 60.00 | 158.00 | 218.00 | WARN | |
r-devel-windows-x86_64-new-TK | 1.0.0 | WARN | ||||
r-patched-linux-x86_64 | 1.0.0 | 11.18 | 118.47 | 129.65 | OK | |
r-release-linux-x86_64 | 1.0.0 | OK | ||||
r-release-macos-arm64 | 1.0.0 | OK | ||||
r-release-macos-x86_64 | 1.0.0 | OK | ||||
r-release-windows-ix86+x86_64 | 1.0.0 | 23.00 | 138.00 | 161.00 | OK | |
r-oldrel-macos-x86_64 | 1.0.0 | OK | ||||
r-oldrel-windows-ix86+x86_64 | 1.0.0 | 23.00 | 143.00 | 166.00 | OK |
Version: 1.0.0
Check: examples
Result: WARN
Found the following significant warnings:
Warning: 'default.stringsAsFactors' is deprecated.
Warning: 'default.stringsAsFactors' is deprecated.
Deprecated functions may be defunct as soon as of the next release of
R.
See ?Deprecated.
Examples with CPU (user + system) or elapsed time > 5s
user system elapsed
aoristic 4.500 0.132 5.276
roc 3.871 0.020 5.015
Flavor: r-devel-linux-x86_64-debian-clang
Version: 1.0.0
Check: examples
Result: WARN
Found the following significant warnings:
Warning: 'default.stringsAsFactors' is deprecated.
Warning: 'default.stringsAsFactors' is deprecated.
Deprecated functions may be defunct as soon as of the next release of
R.
See ?Deprecated.
Examples with CPU (user + system) or elapsed time > 5s
user system elapsed
aoristic 3.116 0.103 6.189
Flavor: r-devel-linux-x86_64-debian-gcc
Version: 1.0.0
Check: examples
Result: WARN
Found the following significant warnings:
Warning: 'default.stringsAsFactors' is deprecated.
Warning: 'default.stringsAsFactors' is deprecated.
Deprecated functions may be defunct as soon as of the next release of
R.
See ?Deprecated.
Flavors: r-devel-linux-x86_64-fedora-clang, r-devel-linux-x86_64-fedora-gcc, r-devel-windows-x86_64-new-UL, r-devel-windows-x86_64-new-TK