Last updated on 2022-03-19 11:54:15 CET.
Flavor | Version | Tinstall | Tcheck | Ttotal | Status | Flags |
---|---|---|---|---|---|---|
r-devel-linux-x86_64-debian-clang | 3.3.3 | 23.98 | 155.01 | 178.99 | NOTE | |
r-devel-linux-x86_64-debian-gcc | 3.3.3 | 16.98 | 112.05 | 129.03 | NOTE | |
r-devel-linux-x86_64-fedora-clang | 3.3.3 | 209.88 | NOTE | |||
r-devel-linux-x86_64-fedora-gcc | 3.3.3 | 199.84 | NOTE | |||
r-devel-windows-x86_64-new-UL | 3.3.3 | 42.00 | 155.00 | 197.00 | NOTE | |
r-devel-windows-x86_64-new-TK | 3.3.3 | NOTE | ||||
r-patched-linux-x86_64 | 3.3.3 | 12.40 | 138.61 | 151.01 | NOTE | |
r-release-linux-x86_64 | 3.3.3 | 12.99 | 137.98 | 150.97 | NOTE | |
r-release-macos-arm64 | 3.3.3 | NOTE | ||||
r-release-macos-x86_64 | 3.3.3 | NOTE | ||||
r-release-windows-ix86+x86_64 | 3.3.3 | 38.00 | 152.00 | 190.00 | NOTE | |
r-oldrel-macos-x86_64 | 3.3.3 | OK | ||||
r-oldrel-windows-ix86+x86_64 | 3.3.3 | 39.00 | 157.00 | 196.00 | OK |
Version: 3.3.3
Check: LazyData
Result: NOTE
'LazyData' is specified without a 'data' directory
Flavors: r-devel-linux-x86_64-debian-clang, r-devel-linux-x86_64-debian-gcc, r-devel-linux-x86_64-fedora-clang, r-devel-linux-x86_64-fedora-gcc, r-devel-windows-x86_64-new-UL, r-devel-windows-x86_64-new-TK, r-patched-linux-x86_64, r-release-linux-x86_64, r-release-macos-arm64, r-release-macos-x86_64, r-release-windows-ix86+x86_64