Last updated on 2022-03-21 06:48:14 CET.
Flavor | Version | Tinstall | Tcheck | Ttotal | Status | Flags |
---|---|---|---|---|---|---|
r-devel-linux-x86_64-debian-clang | 1.5.1 | 5.65 | 155.53 | 161.18 | NOTE | |
r-devel-linux-x86_64-debian-gcc | 1.5.1 | 4.02 | 117.29 | 121.31 | NOTE | |
r-devel-linux-x86_64-fedora-clang | 1.5.1 | 221.48 | NOTE | |||
r-devel-linux-x86_64-fedora-gcc | 1.5.1 | 252.19 | NOTE | |||
r-devel-windows-x86_64-new-UL | 1.5.1 | 74.00 | 184.00 | 258.00 | NOTE | |
r-devel-windows-x86_64-new-TK | 1.5.1 | NOTE | ||||
r-patched-linux-x86_64 | 1.5.1 | 5.48 | 140.41 | 145.89 | NOTE | |
r-release-linux-x86_64 | 1.5.1 | 6.82 | 139.99 | 146.81 | NOTE | |
r-release-macos-arm64 | 1.5.1 | NOTE | ||||
r-release-macos-x86_64 | 1.5.1 | NOTE | ||||
r-release-windows-ix86+x86_64 | 1.5.1 | 12.00 | 165.00 | 177.00 | OK | |
r-oldrel-macos-x86_64 | 1.5.1 | NOTE | ||||
r-oldrel-windows-ix86+x86_64 | 1.5.1 | 12.00 | 170.00 | 182.00 | OK |
Version: 1.5.1
Check: package dependencies
Result: NOTE
Package suggested but not available for checking: 'geostatsp'
Package which this enhances but not available for checking: 'INLA'
Flavors: r-devel-linux-x86_64-debian-clang, r-devel-linux-x86_64-debian-gcc, r-devel-windows-x86_64-new-TK, r-patched-linux-x86_64, r-release-linux-x86_64
Version: 1.5.1
Check: Rd cross-references
Result: NOTE
Unknown package 'geostatsp' in Rd xrefs
Flavors: r-devel-linux-x86_64-debian-clang, r-devel-linux-x86_64-debian-gcc, r-devel-linux-x86_64-fedora-clang, r-devel-linux-x86_64-fedora-gcc, r-devel-windows-x86_64-new-TK, r-patched-linux-x86_64, r-release-linux-x86_64
Version: 1.5.1
Check: package dependencies
Result: NOTE
Package suggested but not available for checking: ‘geostatsp’
Flavors: r-devel-linux-x86_64-fedora-clang, r-devel-linux-x86_64-fedora-gcc
Version: 1.5.1
Check: dependencies in R code
Result: NOTE
Namespace in Imports field not imported from: ‘rgeos’
All declared Imports should be used.
Flavors: r-devel-linux-x86_64-fedora-clang, r-devel-linux-x86_64-fedora-gcc, r-devel-windows-x86_64-new-TK, r-release-macos-arm64, r-release-macos-x86_64, r-oldrel-macos-x86_64
Version: 1.5.1
Check: package dependencies
Result: NOTE
Package which this enhances but not available for checking: 'INLA'
Flavors: r-devel-windows-x86_64-new-UL, r-release-macos-arm64, r-release-macos-x86_64, r-oldrel-macos-x86_64