Last updated on 2022-03-27 07:54:54 CEST.
Flavor | Version | Tinstall | Tcheck | Ttotal | Status | Flags |
---|---|---|---|---|---|---|
r-devel-linux-x86_64-debian-clang | 0.1 | 7.76 | 89.44 | 97.20 | OK | |
r-devel-linux-x86_64-debian-gcc | 0.1 | 7.35 | 69.36 | 76.71 | ERROR | |
r-devel-linux-x86_64-fedora-clang | 0.1 | 126.13 | ERROR | |||
r-devel-linux-x86_64-fedora-gcc | 0.1 | 118.55 | ERROR | |||
r-devel-windows-x86_64-new-UL | 0.1 | 15.00 | 106.00 | 121.00 | ERROR | |
r-devel-windows-x86_64-new-TK | 0.1 | ERROR | ||||
r-patched-linux-x86_64 | 0.1 | 9.82 | 87.97 | 97.79 | OK | |
r-release-linux-x86_64 | 0.1 | 6.50 | 82.14 | 88.64 | OK | |
r-release-macos-arm64 | 0.1 | OK | ||||
r-release-macos-x86_64 | 0.1 | OK | ||||
r-release-windows-ix86+x86_64 | 0.1 | 23.00 | 92.00 | 115.00 | WARN | |
r-oldrel-macos-x86_64 | 0.1 | OK | ||||
r-oldrel-windows-ix86+x86_64 | 0.1 | 21.00 | 93.00 | 114.00 | WARN |
Version: 0.1
Check: re-building of vignette outputs
Result: ERROR
Error(s) in re-building vignettes:
...
--- re-building ‘selfmade_generic.Rmd’ using rmarkdown
Could not fetch https://latex.codecogs.com/png.image?%5Cdpi%7B110%7D&space;%5Cbg_white&space;y%20%5Cin%20%5Cmathbb%7BR%7D%5En
HttpExceptionRequest Request {
host = "latex.codecogs.com"
port = 443
secure = True
requestHeaders = []
path = "/png.image"
queryString = "?%5Cdpi%7B110%7D&space;%5Cbg_white&space;y%20%5Cin%20%5Cmathbb%7BR%7D%5En"
method = "GET"
proxy = Nothing
rawBody = False
redirectCount = 10
responseTimeout = ResponseTimeoutDefault
requestVersion = HTTP/1.1
}
(InternalException (HostCannotConnect "latex.codecogs.com" [Network.Socket.connect: <socket: 14>: does not exist (Connection refused)]))
Error: processing vignette ‘selfmade_generic.Rmd’ failed with diagnostics:
pandoc document conversion failed with error 61
--- failed re-building ‘selfmade_generic.Rmd’
SUMMARY: processing the following file failed:
‘selfmade_generic.Rmd’
Error: Vignette re-building failed.
Execution halted
Flavor: r-devel-linux-x86_64-debian-gcc
Version: 0.1
Check: re-building of vignette outputs
Result: ERROR
Error(s) in re-building vignettes:
--- re-building ‘selfmade_generic.Rmd’ using rmarkdown
Could not fetch https://latex.codecogs.com/png.image?%5Cdpi%7B110%7D&space;%5Cbg_white&space;L_2
HttpExceptionRequest Request {
host = "latex.codecogs.com"
port = 443
secure = True
requestHeaders = []
path = "/png.image"
queryString = "?%5Cdpi%7B110%7D&space;%5Cbg_white&space;L_2"
method = "GET"
proxy = Nothing
rawBody = False
redirectCount = 10
responseTimeout = ResponseTimeoutDefault
requestVersion = HTTP/1.1
proxySecureMode = ProxySecureWithConnect
}
(InternalException (HostCannotConnect "latex.codecogs.com" [Network.Socket.connect: <socket: 14>: does not exist (Connection refused)]))
Error: processing vignette 'selfmade_generic.Rmd' failed with diagnostics:
pandoc document conversion failed with error 61
--- failed re-building ‘selfmade_generic.Rmd’
SUMMARY: processing the following file failed:
‘selfmade_generic.Rmd’
Error: Vignette re-building failed.
Execution halted
Flavor: r-devel-linux-x86_64-fedora-clang
Version: 0.1
Check: re-building of vignette outputs
Result: ERROR
Error(s) in re-building vignettes:
--- re-building ‘selfmade_generic.Rmd’ using rmarkdown
Could not fetch https://latex.codecogs.com/png.image?%5Cdpi%7B110%7D&space;%5Cbg_white&space;y
HttpExceptionRequest Request {
host = "latex.codecogs.com"
port = 443
secure = True
requestHeaders = []
path = "/png.image"
queryString = "?%5Cdpi%7B110%7D&space;%5Cbg_white&space;y"
method = "GET"
proxy = Nothing
rawBody = False
redirectCount = 10
responseTimeout = ResponseTimeoutDefault
requestVersion = HTTP/1.1
}
(InternalException (HostCannotConnect "latex.codecogs.com" [Network.Socket.connect: <socket: 14>: does not exist (Connection refused)]))
Error: processing vignette 'selfmade_generic.Rmd' failed with diagnostics:
pandoc document conversion failed with error 61
--- failed re-building ‘selfmade_generic.Rmd’
SUMMARY: processing the following file failed:
‘selfmade_generic.Rmd’
Error: Vignette re-building failed.
Execution halted
Flavor: r-devel-linux-x86_64-fedora-gcc
Version: 0.1
Check: re-building of vignette outputs
Result: ERROR
Error(s) in re-building vignettes:
--- re-building 'selfmade_generic.Rmd' using rmarkdown
Could not fetch https://latex.codecogs.com/png.image?%5Cdpi%7B110%7D&space;%5Cbg_white&space;L_2
HttpExceptionRequest Request {
host = "latex.codecogs.com"
port = 443
secure = True
requestHeaders = []
path = "/png.image"
queryString = "?%5Cdpi%7B110%7D&space;%5Cbg_white&space;L_2"
method = "GET"
proxy = Nothing
rawBody = False
redirectCount = 10
responseTimeout = ResponseTimeoutDefault
requestVersion = HTTP/1.1
}
(InternalException (HostCannotConnect "latex.codecogs.com" [Network.Socket.connect: <socket: 848>: failed (Connection refused (WSAECONNREFUSED))]))
Error: processing vignette 'selfmade_generic.Rmd' failed with diagnostics:
pandoc document conversion failed with error 61
--- failed re-building 'selfmade_generic.Rmd'
SUMMARY: processing the following file failed:
'selfmade_generic.Rmd'
Error: Vignette re-building failed.
Execution halted
Flavor: r-devel-windows-x86_64-new-UL
Version: 0.1
Check: package dependencies
Result: ERROR
Package required but not available: 'lme4'
Packages suggested but not available for checking:
'knitr', 'rmarkdown', 'gamm4', 'lmerTest'
VignetteBuilder package required for checking but not installed: 'knitr'
See section 'The DESCRIPTION file' in the 'Writing R Extensions'
manual.
Flavor: r-devel-windows-x86_64-new-TK
Version: 0.1
Check: re-building of vignette outputs
Result: WARN
Error(s) in re-building vignettes:
--- re-building 'selfmade_generic.Rmd' using rmarkdown
Error: processing vignette 'selfmade_generic.Rmd' failed with diagnostics:
only `math_method = 'mathjax'` is supported with earlier version than Pandoc 2.0
--- failed re-building 'selfmade_generic.Rmd'
SUMMARY: processing the following file failed:
'selfmade_generic.Rmd'
Error: Vignette re-building failed.
Execution halted
Flavors: r-release-windows-ix86+x86_64, r-oldrel-windows-ix86+x86_64