Last updated on 2022-03-28 11:51:27 CEST.
Flavor | Version | Tinstall | Tcheck | Ttotal | Status | Flags |
---|---|---|---|---|---|---|
r-devel-linux-x86_64-debian-clang | 0.1.1 | 63.16 | 12.84 | 76.00 | ERROR | |
r-devel-linux-x86_64-debian-gcc | 0.1.1 | 51.09 | 9.78 | 60.87 | ERROR | |
r-devel-linux-x86_64-fedora-clang | 0.1.1 | 361.12 | NOTE | |||
r-devel-linux-x86_64-fedora-gcc | 0.1.1 | 286.20 | OK | |||
r-devel-windows-x86_64-new-UL | 0.1.1 | 39.00 | 7.00 | 46.00 | ERROR | |
r-devel-windows-x86_64-new-TK | 0.1.1 | ERROR | ||||
r-patched-linux-x86_64 | 0.1.1 | 146.87 | 43.04 | 189.91 | OK | |
r-release-linux-x86_64 | 0.1.1 | 147.08 | 43.14 | 190.22 | OK | |
r-release-macos-arm64 | 0.1.1 | NOTE | ||||
r-release-macos-x86_64 | 0.1.1 | NOTE | ||||
r-release-windows-ix86+x86_64 | 0.1.1 | 433.00 | 84.00 | 517.00 | OK | |
r-oldrel-macos-x86_64 | 0.1.1 | NOTE | ||||
r-oldrel-windows-ix86+x86_64 | 0.1.1 | 432.00 | 85.00 | 517.00 | OK |
Version: 0.1.1
Check: whether package can be installed
Result: ERROR
Installation failed.
Flavors: r-devel-linux-x86_64-debian-clang, r-devel-linux-x86_64-debian-gcc, r-devel-windows-x86_64-new-UL
Version: 0.1.1
Check: installed package size
Result: NOTE
installed size is 7.6Mb
sub-directories of 1Mb or more:
libs 7.3Mb
Flavors: r-devel-linux-x86_64-fedora-clang, r-release-macos-arm64, r-release-macos-x86_64, r-oldrel-macos-x86_64
Version: 0.1.1
Check: package dependencies
Result: ERROR
Package required but not available: 'Rcpp'
Packages suggested but not available for checking: 'knitr', 'rmarkdown'
VignetteBuilder package required for checking but not installed: 'knitr'
See section 'The DESCRIPTION file' in the 'Writing R Extensions'
manual.
Flavor: r-devel-windows-x86_64-new-TK