Last updated on 2022-03-29 06:47:59 CEST.
Flavor | Version | Tinstall | Tcheck | Ttotal | Status | Flags |
---|---|---|---|---|---|---|
r-devel-linux-x86_64-debian-clang | 1.0.0 | 4.29 | 68.11 | 72.40 | ERROR | |
r-devel-linux-x86_64-debian-gcc | 1.0.0 | 3.07 | 52.52 | 55.59 | ERROR | |
r-devel-linux-x86_64-fedora-clang | 1.0.0 | 92.18 | ERROR | |||
r-devel-linux-x86_64-fedora-gcc | 1.0.0 | 77.22 | ERROR | |||
r-devel-windows-x86_64-new-UL | 1.0.0 | 76.00 | 86.00 | 162.00 | ERROR | |
r-patched-linux-x86_64 | 1.0.0 | 3.56 | 66.14 | 69.70 | ERROR | |
r-release-linux-x86_64 | 1.0.0 | 3.43 | 68.66 | 72.09 | OK | |
r-release-macos-arm64 | 1.0.0 | NOTE | ||||
r-release-macos-x86_64 | 1.0.0 | NOTE | ||||
r-release-windows-ix86+x86_64 | 1.0.0 | 10.00 | 91.00 | 101.00 | OK | |
r-oldrel-macos-x86_64 | 1.0.0 | NOTE | ||||
r-oldrel-windows-ix86+x86_64 | 1.0.0 | 11.00 | 88.00 | 99.00 | OK |
Version: 1.0.0
Check: examples
Result: ERROR
Running examples in 'Mapinguari-Ex.R' failed
The error most likely occurred in:
> base::assign(".ptime", proc.time(), pos = "CheckExEnv")
> ### Name: PETFUN
> ### Title: Spatialize 'PET_fromTemp' function from package 'EcoHydrology'
> ### Aliases: PETFUN
>
> ### ** Examples
>
> PET <- PETFUN(df_tmax, df_tmin, df_alt)
Error in if ((abs(lat) > pi/2 & latUnits == "unknown") | latUnits == "degrees") { :
the condition has length > 1
Calls: PETFUN -> lapply -> FUN -> <Anonymous> -> NetRad -> Solar
Execution halted
Flavors: r-devel-linux-x86_64-debian-clang, r-devel-linux-x86_64-debian-gcc, r-patched-linux-x86_64
Version: 1.0.0
Check: dependencies in R code
Result: NOTE
Namespaces in Imports field not imported from:
‘dplyr’ ‘rgdal’ ‘rlang’ ‘testthat’
All declared Imports should be used.
Flavors: r-devel-linux-x86_64-fedora-clang, r-devel-linux-x86_64-fedora-gcc, r-release-macos-arm64, r-release-macos-x86_64, r-oldrel-macos-x86_64
Version: 1.0.0
Check: examples
Result: ERROR
Running examples in ‘Mapinguari-Ex.R’ failed
The error most likely occurred in:
> ### Name: PETFUN
> ### Title: Spatialize 'PET_fromTemp' function from package 'EcoHydrology'
> ### Aliases: PETFUN
>
> ### ** Examples
>
> PET <- PETFUN(df_tmax, df_tmin, df_alt)
Error in if ((abs(lat) > pi/2 & latUnits == "unknown") | latUnits == "degrees") { :
the condition has length > 1
Calls: PETFUN -> lapply -> FUN -> <Anonymous> -> NetRad -> Solar
Execution halted
Flavors: r-devel-linux-x86_64-fedora-clang, r-devel-linux-x86_64-fedora-gcc, r-devel-windows-x86_64-new-UL