Last updated on 2022-03-29 07:51:09 CEST.
Flavor | Version | Tinstall | Tcheck | Ttotal | Status | Flags |
---|---|---|---|---|---|---|
r-devel-linux-x86_64-debian-clang | 0.5.0 | 12.43 | 266.90 | 279.33 | ERROR | |
r-devel-linux-x86_64-debian-gcc | 0.5.1 | 11.25 | 191.81 | 203.06 | ERROR | |
r-devel-linux-x86_64-fedora-clang | 0.5.1 | 207.70 | OK | |||
r-devel-linux-x86_64-fedora-gcc | 0.5.1 | 305.58 | OK | |||
r-devel-windows-x86_64-new-UL | 0.5.1 | 144.00 | 495.00 | 639.00 | OK | |
r-patched-linux-x86_64 | 0.5.1 | 16.59 | 264.34 | 280.93 | OK | |
r-release-linux-x86_64 | 0.5.1 | 14.45 | 264.32 | 278.77 | OK | |
r-release-macos-arm64 | 0.5.1 | OK | ||||
r-release-macos-x86_64 | 0.5.1 | OK | ||||
r-release-windows-ix86+x86_64 | 0.5.1 | 26.00 | 405.00 | 431.00 | WARN | |
r-oldrel-macos-x86_64 | 0.5.1 | OK | ||||
r-oldrel-windows-ix86+x86_64 | 0.5.0 | 30.00 | 445.00 | 475.00 | WARN |
Version: 0.5.0
Check: re-building of vignette outputs
Result: ERROR
Error(s) in re-building vignettes:
...
--- re-building 'extract-fbref-data.Rmd' using rmarkdown
--- finished re-building 'extract-fbref-data.Rmd'
--- re-building 'extract-fotmob-data.Rmd' using rmarkdown
Attaching package: 'dplyr'
The following objects are masked from 'package:stats':
filter, lag
The following objects are masked from 'package:base':
intersect, setdiff, setequal, union
Quitting from lines 196-205 (extract-fotmob-data.Rmd)
Error: processing vignette 'extract-fotmob-data.Rmd' failed with diagnostics:
lexical error: invalid char in json text.
<!DOCTYPE html> <html lang="e
(right here) ------^
--- failed re-building 'extract-fotmob-data.Rmd'
--- re-building 'extract-transfermarkt-data.Rmd' using rmarkdown
Warning: Expected 3 pieces. Missing pieces filled with `NA` in 4 rows [198, 225, 281, 325].
Warning: Problem while computing `player_dob = lubridate::ymd(paste(.data$Year,
.data$Month, .data$Day, sep = "-"))`.
i 4 failed to parse.
--- finished re-building 'extract-transfermarkt-data.Rmd'
--- re-building 'extract-understat-data.Rmd' using rmarkdown
--- finished re-building 'extract-understat-data.Rmd'
--- re-building 'fbref-data-internationals.Rmd' using rmarkdown
--- finished re-building 'fbref-data-internationals.Rmd'
SUMMARY: processing the following file failed:
'extract-fotmob-data.Rmd'
Error: Vignette re-building failed.
Execution halted
Flavor: r-devel-linux-x86_64-debian-clang
Version: 0.5.1
Check: re-building of vignette outputs
Result: ERROR
Error(s) in re-building vignettes:
...
--- re-building ‘extract-fbref-data.Rmd’ using rmarkdown
--- finished re-building ‘extract-fbref-data.Rmd’
--- re-building ‘extract-fotmob-data.Rmd’ using rmarkdown
Attaching package: 'dplyr'
The following objects are masked from 'package:stats':
filter, lag
The following objects are masked from 'package:base':
intersect, setdiff, setequal, union
Quitting from lines 196-205 (extract-fotmob-data.Rmd)
Error: processing vignette ‘extract-fotmob-data.Rmd’ failed with diagnostics:
HTTP error 404.
--- failed re-building ‘extract-fotmob-data.Rmd’
--- re-building ‘extract-transfermarkt-data.Rmd’ using rmarkdown
Warning: Expected 3 pieces. Missing pieces filled with `NA` in 6 rows [56, 198, 225, 281, 313, 326].
--- finished re-building ‘extract-transfermarkt-data.Rmd’
--- re-building ‘extract-understat-data.Rmd’ using rmarkdown
--- finished re-building ‘extract-understat-data.Rmd’
--- re-building ‘fbref-data-internationals.Rmd’ using rmarkdown
--- finished re-building ‘fbref-data-internationals.Rmd’
SUMMARY: processing the following file failed:
‘extract-fotmob-data.Rmd’
Error: Vignette re-building failed.
Execution halted
Flavor: r-devel-linux-x86_64-debian-gcc
Version: 0.5.1
Check: re-building of vignette outputs
Result: WARN
Error(s) in re-building vignettes:
--- re-building 'extract-fbref-data.Rmd' using rmarkdown
--- finished re-building 'extract-fbref-data.Rmd'
--- re-building 'extract-fotmob-data.Rmd' using rmarkdown
Attaching package: 'dplyr'
The following objects are masked from 'package:stats':
filter, lag
The following objects are masked from 'package:base':
intersect, setdiff, setequal, union
Quitting from lines 196-205 (extract-fotmob-data.Rmd)
Error: processing vignette 'extract-fotmob-data.Rmd' failed with diagnostics:
HTTP error 404.
--- failed re-building 'extract-fotmob-data.Rmd'
--- re-building 'extract-transfermarkt-data.Rmd' using rmarkdown
Warning: Expected 3 pieces. Missing pieces filled with `NA` in 6 rows [56, 198, 225, 281, 313, 326].
--- finished re-building 'extract-transfermarkt-data.Rmd'
--- re-building 'extract-understat-data.Rmd' using rmarkdown
--- finished re-building 'extract-understat-data.Rmd'
--- re-building 'fbref-data-internationals.Rmd' using rmarkdown
--- finished re-building 'fbref-data-internationals.Rmd'
SUMMARY: processing the following file failed:
'extract-fotmob-data.Rmd'
Error: Vignette re-building failed.
Execution halted
Flavor: r-release-windows-ix86+x86_64
Version: 0.5.0
Check: re-building of vignette outputs
Result: WARN
Error(s) in re-building vignettes:
--- re-building 'extract-fbref-data.Rmd' using rmarkdown
--- finished re-building 'extract-fbref-data.Rmd'
--- re-building 'extract-fotmob-data.Rmd' using rmarkdown
Attaching package: 'dplyr'
The following objects are masked from 'package:stats':
filter, lag
The following objects are masked from 'package:base':
intersect, setdiff, setequal, union
Quitting from lines 196-205 (extract-fotmob-data.Rmd)
Error: processing vignette 'extract-fotmob-data.Rmd' failed with diagnostics:
lexical error: invalid char in json text.
<!DOCTYPE html> <html lang="e
(right here) ------^
--- failed re-building 'extract-fotmob-data.Rmd'
--- re-building 'extract-transfermarkt-data.Rmd' using rmarkdown
Warning: Expected 3 pieces. Missing pieces filled with `NA` in 4 rows [197, 224, 280, 324].
Warning: Problem while computing `player_dob = lubridate::ymd(paste(.data$Year,
.data$Month, .data$Day, sep = "-"))`.
i 4 failed to parse.
--- finished re-building 'extract-transfermarkt-data.Rmd'
--- re-building 'extract-understat-data.Rmd' using rmarkdown
--- finished re-building 'extract-understat-data.Rmd'
--- re-building 'fbref-data-internationals.Rmd' using rmarkdown
--- finished re-building 'fbref-data-internationals.Rmd'
SUMMARY: processing the following file failed:
'extract-fotmob-data.Rmd'
Error: Vignette re-building failed.
Execution halted
Flavor: r-oldrel-windows-ix86+x86_64