Last updated on 2022-04-03 07:54:00 CEST.
Flavor | Version | Tinstall | Tcheck | Ttotal | Status | Flags |
---|---|---|---|---|---|---|
r-devel-linux-x86_64-debian-clang | 1.1.1 | 12.10 | 117.12 | 129.22 | ERROR | |
r-devel-linux-x86_64-debian-gcc | 1.1.1 | 8.86 | 86.45 | 95.31 | ERROR | |
r-devel-linux-x86_64-fedora-clang | 1.1.2 | 154.55 | NOTE | |||
r-devel-linux-x86_64-fedora-gcc | 1.1.1 | 143.01 | ERROR | |||
r-devel-windows-x86_64-new-UL | 1.1.1 | 19.00 | 125.00 | 144.00 | ERROR | |
r-patched-linux-x86_64 | 1.1.1 | 13.07 | 106.66 | 119.73 | ERROR | |
r-release-linux-x86_64 | 1.1.1 | 10.59 | 102.64 | 113.23 | WARN | |
r-release-macos-arm64 | 1.1.1 | NOTE | ||||
r-release-macos-x86_64 | 1.1.1 | NOTE | ||||
r-release-windows-ix86+x86_64 | 1.1.1 | 28.00 | 122.00 | 150.00 | NOTE | |
r-oldrel-macos-x86_64 | 1.1.1 | NOTE | ||||
r-oldrel-windows-ix86+x86_64 | 1.1.1 | 28.00 | 120.00 | 148.00 | OK |
Version: 1.1.1
Check: LazyData
Result: NOTE
'LazyData' is specified without a 'data' directory
Flavors: r-devel-linux-x86_64-debian-clang, r-devel-linux-x86_64-debian-gcc, r-devel-linux-x86_64-fedora-gcc, r-devel-windows-x86_64-new-UL, r-patched-linux-x86_64, r-release-linux-x86_64, r-release-macos-arm64, r-release-macos-x86_64, r-release-windows-ix86+x86_64
Version: 1.1.1
Check: re-building of vignette outputs
Result: ERROR
Error(s) in re-building vignettes:
...
--- re-building 'Introduction.Rmd' using rmarkdown
Quitting from lines 39-43 (Introduction.Rmd)
Error: processing vignette 'Introduction.Rmd' failed with diagnostics:
HTTP error 404.
--- failed re-building 'Introduction.Rmd'
SUMMARY: processing the following file failed:
'Introduction.Rmd'
Error: Vignette re-building failed.
Execution halted
Flavors: r-devel-linux-x86_64-debian-clang, r-devel-linux-x86_64-debian-gcc, r-patched-linux-x86_64
Version: 1.1.2
Check: dependencies in R code
Result: NOTE
Namespace in Imports field not imported from: ‘rstudioapi’
All declared Imports should be used.
Flavor: r-devel-linux-x86_64-fedora-clang
Version: 1.1.1
Check: dependencies in R code
Result: NOTE
Namespace in Imports field not imported from: ‘rstudioapi’
All declared Imports should be used.
Flavors: r-devel-linux-x86_64-fedora-gcc, r-release-macos-arm64, r-release-macos-x86_64, r-oldrel-macos-x86_64
Version: 1.1.1
Check: re-building of vignette outputs
Result: ERROR
Error(s) in re-building vignettes:
--- re-building ‘Introduction.Rmd’ using rmarkdown
Quitting from lines 39-43 (Introduction.Rmd)
Error: processing vignette 'Introduction.Rmd' failed with diagnostics:
HTTP error 404.
--- failed re-building ‘Introduction.Rmd’
SUMMARY: processing the following file failed:
‘Introduction.Rmd’
Error: Vignette re-building failed.
Execution halted
Flavors: r-devel-linux-x86_64-fedora-gcc, r-devel-windows-x86_64-new-UL
Version: 1.1.1
Check: re-building of vignette outputs
Result: WARN
Error(s) in re-building vignettes:
...
--- re-building ‘Introduction.Rmd’ using rmarkdown
Quitting from lines 39-43 (Introduction.Rmd)
Error: processing vignette 'Introduction.Rmd' failed with diagnostics:
HTTP error 404.
--- failed re-building ‘Introduction.Rmd’
SUMMARY: processing the following file failed:
‘Introduction.Rmd’
Error: Vignette re-building failed.
Execution halted
Flavor: r-release-linux-x86_64