Last updated on 2022-04-04 08:50:16 CEST.
Flavor | Version | Tinstall | Tcheck | Ttotal | Status | Flags |
---|---|---|---|---|---|---|
r-devel-linux-x86_64-debian-clang | 1.2.1 | 4.34 | 56.91 | 61.25 | NOTE | |
r-devel-linux-x86_64-debian-gcc | 1.2.1 | 3.26 | 43.35 | 46.61 | NOTE | |
r-devel-linux-x86_64-fedora-clang | 1.2.1 | 77.81 | NOTE | |||
r-devel-linux-x86_64-fedora-gcc | 1.2.1 | 60.01 | NOTE | |||
r-devel-windows-x86_64-new-UL | 1.2.1 | 14.00 | 75.00 | 89.00 | NOTE | |
r-patched-linux-x86_64 | 1.2.1 | 8.62 | 52.64 | 61.26 | NOTE | |
r-release-linux-x86_64 | 1.2.1 | 4.05 | 51.26 | 55.31 | NOTE | |
r-release-macos-arm64 | 1.2.1 | NOTE | ||||
r-release-macos-x86_64 | 1.2.1 | NOTE | ||||
r-release-windows-ix86+x86_64 | 1.2.1 | 10.00 | 67.00 | 77.00 | NOTE | |
r-oldrel-macos-x86_64 | 1.2.1 | OK | ||||
r-oldrel-windows-ix86+x86_64 | 1.2.1 | 10.00 | 64.00 | 74.00 | OK |
Version: 1.2.1
Check: LazyData
Result: NOTE
'LazyData' is specified without a 'data' directory
Flavors: r-devel-linux-x86_64-debian-clang, r-devel-linux-x86_64-debian-gcc, r-devel-linux-x86_64-fedora-clang, r-devel-linux-x86_64-fedora-gcc, r-devel-windows-x86_64-new-UL, r-patched-linux-x86_64, r-release-linux-x86_64, r-release-macos-arm64, r-release-macos-x86_64, r-release-windows-ix86+x86_64