Last updated on 2022-04-04 08:50:31 CEST.
Flavor | Version | Tinstall | Tcheck | Ttotal | Status | Flags |
---|---|---|---|---|---|---|
r-devel-linux-x86_64-debian-clang | 0.0-4 | 4.09 | 62.55 | 66.64 | NOTE | |
r-devel-linux-x86_64-debian-gcc | 0.0-4 | 3.51 | 48.18 | 51.69 | NOTE | |
r-devel-linux-x86_64-fedora-clang | 0.0-4 | 75.15 | NOTE | |||
r-devel-linux-x86_64-fedora-gcc | 0.0-4 | 68.59 | NOTE | |||
r-devel-windows-x86_64-new-UL | 0.0-4 | 15.00 | 71.00 | 86.00 | NOTE | |
r-patched-linux-x86_64 | 0.0-4 | 3.33 | 60.44 | 63.77 | NOTE | |
r-release-linux-x86_64 | 0.0-4 | 3.76 | 59.78 | 63.54 | NOTE | |
r-release-macos-arm64 | 0.0-4 | NOTE | ||||
r-release-macos-x86_64 | 0.0-4 | NOTE | ||||
r-release-windows-ix86+x86_64 | 0.0-4 | 8.00 | 56.00 | 64.00 | NOTE | |
r-oldrel-macos-x86_64 | 0.0-4 | NOTE | ||||
r-oldrel-windows-ix86+x86_64 | 0.0-4 | 8.00 | 56.00 | 64.00 | NOTE |
Version: 0.0-4
Check: top-level files
Result: NOTE
File
LICENSE
is not mentioned in the DESCRIPTION file.
Flavors: r-devel-linux-x86_64-debian-clang, r-devel-linux-x86_64-debian-gcc, r-devel-linux-x86_64-fedora-clang, r-devel-linux-x86_64-fedora-gcc, r-devel-windows-x86_64-new-UL, r-patched-linux-x86_64, r-release-linux-x86_64, r-release-macos-arm64, r-release-macos-x86_64, r-release-windows-ix86+x86_64, r-oldrel-macos-x86_64, r-oldrel-windows-ix86+x86_64
Version: 0.0-4
Check: dependencies in R code
Result: NOTE
'library' or 'require' call to 'rJava' which was already attached by Depends.
Please remove these calls from your code.
Flavors: r-devel-linux-x86_64-debian-clang, r-devel-linux-x86_64-debian-gcc, r-devel-linux-x86_64-fedora-clang, r-devel-linux-x86_64-fedora-gcc, r-devel-windows-x86_64-new-UL, r-patched-linux-x86_64, r-release-linux-x86_64, r-release-macos-arm64, r-release-macos-x86_64, r-release-windows-ix86+x86_64, r-oldrel-macos-x86_64, r-oldrel-windows-ix86+x86_64
Version: 0.0-4
Check: installed package size
Result: NOTE
installed size is 8.5Mb
Flavors: r-devel-linux-x86_64-fedora-clang, r-devel-windows-x86_64-new-UL, r-release-macos-arm64, r-release-macos-x86_64, r-release-windows-ix86+x86_64, r-oldrel-macos-x86_64, r-oldrel-windows-ix86+x86_64