Last updated on 2022-04-04 07:50:07 CEST.
| Flavor | Version | Tinstall | Tcheck | Ttotal | Status | Flags | 
|---|---|---|---|---|---|---|
| r-devel-linux-x86_64-debian-clang | 0.0.2 | 15.31 | 120.78 | 136.09 | OK | |
| r-devel-linux-x86_64-debian-gcc | 0.0.2 | 15.70 | 89.93 | 105.63 | OK | |
| r-devel-linux-x86_64-fedora-clang | 0.0.2 | 175.79 | NOTE | |||
| r-devel-linux-x86_64-fedora-gcc | 0.0.2 | 153.35 | NOTE | |||
| r-devel-windows-x86_64-new-UL | 0.0.2 | 46.00 | 132.00 | 178.00 | WARN | |
| r-patched-linux-x86_64 | 0.0.2 | 13.13 | 113.50 | 126.63 | OK | |
| r-release-linux-x86_64 | 0.0.2 | 10.85 | 107.48 | 118.33 | OK | |
| r-release-macos-arm64 | 0.0.2 | NOTE | ||||
| r-release-macos-x86_64 | 0.0.2 | WARN | ||||
| r-release-windows-ix86+x86_64 | 0.0.2 | 25.00 | 116.00 | 141.00 | WARN | |
| r-oldrel-macos-x86_64 | 0.0.2 | WARN | ||||
| r-oldrel-windows-ix86+x86_64 | 0.0.2 | 26.00 | 95.00 | 121.00 | WARN | 
Version: 0.0.2
Check: dependencies in R code
Result: NOTE
    Namespace in Imports field not imported from: ‘xcms’
      All declared Imports should be used.
Flavors: r-devel-linux-x86_64-fedora-clang, r-devel-linux-x86_64-fedora-gcc, r-release-macos-arm64, r-release-macos-x86_64, r-oldrel-macos-x86_64
Version: 0.0.2
Check: S3 generic/method consistency
Result: WARN
    Warning in fun(libname, pkgname) :
      mzR has been built against a different Rcpp version (1.0.8)
    than is installed on your system (1.0.8.3). This might lead to errors
    when loading mzR. If you encounter such issues, please send a report,
    including the output of sessionInfo() to the Bioc support forum at 
    https://support.bioconductor.org/. For details see also
    https://github.com/sneumann/mzR/wiki/mzR-Rcpp-compiler-linker-issue.
    See section 'Generic functions and methods' in the 'Writing R
    Extensions' manual.
Flavor: r-devel-windows-x86_64-new-UL
Version: 0.0.2
Check: for code/documentation mismatches
Result: WARN
    Warning in fun(libname, pkgname) :
      mzR has been built against a different Rcpp version (1.0.8)
    than is installed on your system (1.0.8.3). This might lead to errors
    when loading mzR. If you encounter such issues, please send a report,
    including the output of sessionInfo() to the Bioc support forum at 
    https://support.bioconductor.org/. For details see also
    https://github.com/sneumann/mzR/wiki/mzR-Rcpp-compiler-linker-issue.
Flavor: r-devel-windows-x86_64-new-UL
Version: 0.0.2
Check: Rd \usage sections
Result: NOTE
    Warning in fun(libname, pkgname) :
      mzR has been built against a different Rcpp version (1.0.8)
    than is installed on your system (1.0.8.3). This might lead to errors
    when loading mzR. If you encounter such issues, please send a report,
    including the output of sessionInfo() to the Bioc support forum at 
    https://support.bioconductor.org/. For details see also
    https://github.com/sneumann/mzR/wiki/mzR-Rcpp-compiler-linker-issue.
    The \usage entries for S3 methods should use the \method markup and not
    their full name.
    See chapter 'Writing R documentation files' in the 'Writing R
    Extensions' manual.
Flavor: r-devel-windows-x86_64-new-UL
Version: 0.0.2
Check: whether package can be installed
Result: WARN
    Found the following significant warnings:
      Warning: namespace ‘xcms’ is not available and has been replaced
Flavor: r-release-macos-x86_64
Version: 0.0.2
Check: data for non-ASCII characters
Result: WARN
      Failed with error:  'package 'MSnbase' could not be loaded'
      Error loading dataset 'spinalCord':
       Error in .requirePackage(package) : 
        unable to find required package 'xcms'
      
      The dataset(s) may use package(s) not declared in the DESCRIPTION file.
Flavor: r-release-macos-x86_64
Version: 0.0.2
Check: S3 generic/method consistency
Result: WARN
    Warning in fun(libname, pkgname) :
      mzR has been built against a different Rcpp version (1.0.6)
    than is installed on your system (1.0.7). This might lead to errors
    when loading mzR. If you encounter such issues, please send a report,
    including the output of sessionInfo() to the Bioc support forum at 
    https://support.bioconductor.org/. For details see also
    https://github.com/sneumann/mzR/wiki/mzR-Rcpp-compiler-linker-issue.
    See section 'Generic functions and methods' in the 'Writing R
    Extensions' manual.
Flavor: r-release-windows-ix86+x86_64
Version: 0.0.2
Check: for code/documentation mismatches
Result: WARN
    Warning in fun(libname, pkgname) :
      mzR has been built against a different Rcpp version (1.0.6)
    than is installed on your system (1.0.7). This might lead to errors
    when loading mzR. If you encounter such issues, please send a report,
    including the output of sessionInfo() to the Bioc support forum at 
    https://support.bioconductor.org/. For details see also
    https://github.com/sneumann/mzR/wiki/mzR-Rcpp-compiler-linker-issue.
Flavor: r-release-windows-ix86+x86_64
Version: 0.0.2
Check: Rd \usage sections
Result: NOTE
    Warning in fun(libname, pkgname) :
      mzR has been built against a different Rcpp version (1.0.6)
    than is installed on your system (1.0.7). This might lead to errors
    when loading mzR. If you encounter such issues, please send a report,
    including the output of sessionInfo() to the Bioc support forum at 
    https://support.bioconductor.org/. For details see also
    https://github.com/sneumann/mzR/wiki/mzR-Rcpp-compiler-linker-issue.
    The \usage entries for S3 methods should use the \method markup and not
    their full name.
    See chapter 'Writing R documentation files' in the 'Writing R
    Extensions' manual.
Flavor: r-release-windows-ix86+x86_64
Version: 0.0.2
Check: S3 generic/method consistency
Result: WARN
    Warning in fun(libname, pkgname) :
      mzR has been built against a different Rcpp version (1.0.4.6)
    than is installed on your system (1.0.6). This might lead to errors
    when loading mzR. If you encounter such issues, please send a report,
    including the output of sessionInfo() to the Bioc support forum at 
    https://support.bioconductor.org/. For details see also
    https://github.com/sneumann/mzR/wiki/mzR-Rcpp-compiler-linker-issue.
    See section ‘Generic functions and methods’ in the ‘Writing R
    Extensions’ manual.
Flavor: r-oldrel-macos-x86_64
Version: 0.0.2
Check: for code/documentation mismatches
Result: WARN
    Warning in fun(libname, pkgname) :
      mzR has been built against a different Rcpp version (1.0.4.6)
    than is installed on your system (1.0.6). This might lead to errors
    when loading mzR. If you encounter such issues, please send a report,
    including the output of sessionInfo() to the Bioc support forum at 
    https://support.bioconductor.org/. For details see also
    https://github.com/sneumann/mzR/wiki/mzR-Rcpp-compiler-linker-issue.
Flavor: r-oldrel-macos-x86_64
Version: 0.0.2
Check: Rd \usage sections
Result: NOTE
    Warning in fun(libname, pkgname) :
      mzR has been built against a different Rcpp version (1.0.4.6)
    than is installed on your system (1.0.6). This might lead to errors
    when loading mzR. If you encounter such issues, please send a report,
    including the output of sessionInfo() to the Bioc support forum at 
    https://support.bioconductor.org/. For details see also
    https://github.com/sneumann/mzR/wiki/mzR-Rcpp-compiler-linker-issue.
    The \usage entries for S3 methods should use the \method markup and not
    their full name.
    See chapter ‘Writing R documentation files’ in the ‘Writing R
    Extensions’ manual.
Flavor: r-oldrel-macos-x86_64
Version: 0.0.2
Check: S3 generic/method consistency
Result: WARN
    Warning in fun(libname, pkgname) :
      mzR has been built against a different Rcpp version (1.0.5)
    than is installed on your system (1.0.7). This might lead to errors
    when loading mzR. If you encounter such issues, please send a report,
    including the output of sessionInfo() to the Bioc support forum at 
    https://support.bioconductor.org/. For details see also
    https://github.com/sneumann/mzR/wiki/mzR-Rcpp-compiler-linker-issue.
    See section 'Generic functions and methods' in the 'Writing R
    Extensions' manual.
Flavor: r-oldrel-windows-ix86+x86_64
Version: 0.0.2
Check: for code/documentation mismatches
Result: WARN
    Warning in fun(libname, pkgname) :
      mzR has been built against a different Rcpp version (1.0.5)
    than is installed on your system (1.0.7). This might lead to errors
    when loading mzR. If you encounter such issues, please send a report,
    including the output of sessionInfo() to the Bioc support forum at 
    https://support.bioconductor.org/. For details see also
    https://github.com/sneumann/mzR/wiki/mzR-Rcpp-compiler-linker-issue.
Flavor: r-oldrel-windows-ix86+x86_64
Version: 0.0.2
Check: Rd \usage sections
Result: NOTE
    Warning in fun(libname, pkgname) :
      mzR has been built against a different Rcpp version (1.0.5)
    than is installed on your system (1.0.7). This might lead to errors
    when loading mzR. If you encounter such issues, please send a report,
    including the output of sessionInfo() to the Bioc support forum at 
    https://support.bioconductor.org/. For details see also
    https://github.com/sneumann/mzR/wiki/mzR-Rcpp-compiler-linker-issue.
    The \usage entries for S3 methods should use the \method markup and not
    their full name.
    See chapter 'Writing R documentation files' in the 'Writing R
    Extensions' manual.
Flavor: r-oldrel-windows-ix86+x86_64