Last updated on 2022-04-05 06:48:56 CEST.
Flavor | Version | Tinstall | Tcheck | Ttotal | Status | Flags |
---|---|---|---|---|---|---|
r-devel-linux-x86_64-debian-clang | 5.4 | 3.78 | 38.76 | 42.54 | OK | |
r-devel-linux-x86_64-debian-gcc | 5.4 | 3.31 | 29.03 | 32.34 | OK | |
r-devel-linux-x86_64-fedora-clang | 5.4 | 53.44 | NOTE | |||
r-devel-linux-x86_64-fedora-gcc | 5.4 | 41.13 | NOTE | |||
r-devel-windows-x86_64-new-UL | 5.4 | 17.00 | 55.00 | 72.00 | OK | |
r-patched-linux-x86_64 | 5.4 | 4.71 | 36.33 | 41.04 | OK | |
r-release-linux-x86_64 | 5.4 | 3.53 | 35.82 | 39.35 | OK | |
r-release-macos-arm64 | 5.4 | OK | ||||
r-release-macos-x86_64 | 5.4 | OK | ||||
r-release-windows-ix86+x86_64 | 5.4 | 10.00 | 53.00 | 63.00 | OK | |
r-oldrel-macos-x86_64 | 5.4 | OK | ||||
r-oldrel-windows-ix86+x86_64 | 5.4 | 12.00 | 50.00 | 62.00 | OK |
Version: 5.4
Check: compiled code
Result: NOTE
File ‘MCMChybridGP/libs/MCMChybridGP.so’:
Found no calls to: ‘R_registerRoutines’, ‘R_useDynamicSymbols’
It is good practice to register native routines and to disable symbol
search.
See ‘Writing portable packages’ in the ‘Writing R Extensions’ manual.
Flavors: r-devel-linux-x86_64-fedora-clang, r-devel-linux-x86_64-fedora-gcc