Last updated on 2022-04-07 09:53:53 CEST.
| Flavor | Version | Tinstall | Tcheck | Ttotal | Status | Flags | 
|---|---|---|---|---|---|---|
| r-devel-linux-x86_64-debian-clang | 1.3.0 | 570.59 | 172.31 | 742.90 | ERROR | |
| r-devel-linux-x86_64-debian-gcc | 1.3.0 | 521.90 | 156.91 | 678.81 | NOTE | |
| r-devel-linux-x86_64-fedora-clang | 1.3.0 | 1025.34 | ERROR | |||
| r-devel-linux-x86_64-fedora-gcc | 1.3.0 | 1096.13 | NOTE | |||
| r-devel-windows-x86_64-new-UL | 1.3.0 | 402.00 | 291.00 | 693.00 | NOTE | |
| r-patched-linux-x86_64 | 1.3.0 | 466.66 | 202.37 | 669.03 | NOTE | |
| r-release-linux-x86_64 | 1.3.0 | 405.47 | 182.63 | 588.10 | WARN | |
| r-release-macos-arm64 | 1.3.0 | NOTE | ||||
| r-release-macos-x86_64 | 1.3.0 | NOTE | ||||
| r-release-windows-ix86+x86_64 | 1.3.0 | 1250.00 | 348.00 | 1598.00 | NOTE | |
| r-oldrel-macos-x86_64 | 1.3.0 | NOTE | ||||
| r-oldrel-windows-ix86+x86_64 | 1.3.0 | 1021.00 | 10.00 | 1031.00 | ERROR | 
Version: 1.3.0
Check: for GNU extensions in Makefiles
Result: NOTE
    GNU make is a SystemRequirements.
Flavors: r-devel-linux-x86_64-debian-clang, r-devel-linux-x86_64-debian-gcc, r-devel-linux-x86_64-fedora-clang, r-devel-linux-x86_64-fedora-gcc, r-devel-windows-x86_64-new-UL, r-patched-linux-x86_64, r-release-linux-x86_64, r-release-macos-arm64, r-release-macos-x86_64, r-release-windows-ix86+x86_64, r-oldrel-macos-x86_64
Version: 1.3.0
Check: re-building of vignette outputs
Result: ERROR
    Error(s) in re-building vignettes:
      ...
    --- re-building 'PandemicLP.Rmd' using rmarkdown
    --- finished re-building 'PandemicLP.Rmd'
    
    --- re-building 'PandemicLP_SumRegions.Rmd' using rmarkdown
    Quitting from lines 49-70 (PandemicLP_SumRegions.Rmd) 
    Error: processing vignette 'PandemicLP_SumRegions.Rmd' failed with diagnostics:
    cannot open URL 'https://drive.google.com/u/2/uc?id=1ucWISU7MxgLoICuB_zXy_KE59TuX5tjs&export=download'
    --- failed re-building 'PandemicLP_SumRegions.Rmd'
    
    SUMMARY: processing the following file failed:
      'PandemicLP_SumRegions.Rmd'
    
    Error: Vignette re-building failed.
    Execution halted
Flavor: r-devel-linux-x86_64-debian-clang
Version: 1.3.0
Check: installed package size
Result: NOTE
      installed size is 65.6Mb
      sub-directories of 1Mb or more:
        doc   10.0Mb
        libs  55.0Mb
Flavors: r-devel-linux-x86_64-fedora-clang, r-devel-windows-x86_64-new-UL, r-release-macos-arm64, r-release-macos-x86_64, r-release-windows-ix86+x86_64, r-oldrel-macos-x86_64
Version: 1.3.0
Check: dependencies in R code
Result: NOTE
    Namespaces in Imports field not imported from:
      ‘curl’ ‘tidyr’
      All declared Imports should be used.
Flavors: r-devel-linux-x86_64-fedora-clang, r-devel-linux-x86_64-fedora-gcc, r-release-macos-arm64, r-release-macos-x86_64, r-oldrel-macos-x86_64
Version: 1.3.0
Check: re-building of vignette outputs
Result: ERROR
    Error(s) in re-building vignettes:
    --- re-building ‘PandemicLP.Rmd’ using rmarkdown
    --- finished re-building ‘PandemicLP.Rmd’
    
    --- re-building ‘PandemicLP_SumRegions.Rmd’ using rmarkdown
    Quitting from lines 49-70 (PandemicLP_SumRegions.Rmd) 
    Error: processing vignette 'PandemicLP_SumRegions.Rmd' failed with diagnostics:
    cannot open URL 'https://drive.google.com/u/2/uc?id=1ucWISU7MxgLoICuB_zXy_KE59TuX5tjs&export=download'
    --- failed re-building ‘PandemicLP_SumRegions.Rmd’
    
    SUMMARY: processing the following file failed:
      ‘PandemicLP_SumRegions.Rmd’
    
    Error: Vignette re-building failed.
    Execution halted
Flavor: r-devel-linux-x86_64-fedora-clang
Version: 1.3.0
Check: re-building of vignette outputs
Result: WARN
    Error(s) in re-building vignettes:
      ...
    --- re-building ‘PandemicLP.Rmd’ using rmarkdown
    Quitting from lines 39-50 (PandemicLP.Rmd) 
    Error: processing vignette 'PandemicLP.Rmd' failed with diagnostics:
    cannot open URL ‘https://drive.google.com/u/2/uc?id=165mXm5DbtPENGJlVLVJvzvVfFFWxT_dr&export=download’
    --- failed re-building ‘PandemicLP.Rmd’
    
    --- re-building ‘PandemicLP_SumRegions.Rmd’ using rmarkdown
    --- finished re-building ‘PandemicLP_SumRegions.Rmd’
    
    SUMMARY: processing the following file failed:
      ‘PandemicLP.Rmd’
    
    Error: Vignette re-building failed.
    Execution halted
Flavor: r-release-linux-x86_64
Version: 1.3.0
Check: whether package can be installed
Result: ERROR
    Installation failed.
Flavor: r-oldrel-windows-ix86+x86_64