Last updated on 2022-04-08 11:51:20 CEST.
Flavor | Version | Tinstall | Tcheck | Ttotal | Status | Flags |
---|---|---|---|---|---|---|
r-devel-linux-x86_64-debian-clang | 1.1.1 | 3.00 | 42.96 | 45.96 | NOTE | |
r-devel-linux-x86_64-debian-gcc | 1.1.1 | 2.35 | 33.09 | 35.44 | NOTE | |
r-devel-linux-x86_64-fedora-clang | 1.1.1 | 56.63 | NOTE | |||
r-devel-linux-x86_64-fedora-gcc | 1.1.1 | 47.02 | NOTE | |||
r-devel-windows-x86_64-new-UL | 1.1.1 | 19.00 | 60.00 | 79.00 | NOTE | |
r-patched-linux-x86_64 | 1.1.1 | 2.97 | 41.36 | 44.33 | NOTE | |
r-release-linux-x86_64 | 1.1.1 | 2.85 | 41.44 | 44.29 | OK | |
r-release-macos-arm64 | 1.1.1 | OK | ||||
r-release-macos-x86_64 | 1.1.1 | OK | ||||
r-release-windows-ix86+x86_64 | 1.1.1 | 5.00 | 35.00 | 40.00 | OK | |
r-oldrel-macos-x86_64 | 1.1.1 | OK | ||||
r-oldrel-windows-ix86+x86_64 | 1.1.1 | 5.00 | 45.00 | 50.00 | OK |
Version: 1.1.1
Check: Rd files
Result: NOTE
prepare_Rd: elltheta.rd:53-55: Dropping empty section \note
prepare_Rd: elltheta.rd:62-63: Dropping empty section \examples
Flavors: r-devel-linux-x86_64-debian-clang, r-devel-linux-x86_64-debian-gcc, r-devel-linux-x86_64-fedora-clang, r-devel-linux-x86_64-fedora-gcc, r-devel-windows-x86_64-new-UL, r-patched-linux-x86_64