Last updated on 2022-04-10 14:51:09 CEST.
| Flavor | Version | Tinstall | Tcheck | Ttotal | Status | Flags | 
|---|---|---|---|---|---|---|
| r-devel-linux-x86_64-debian-clang | 1.1 | 1.42 | 30.02 | 31.44 | NOTE | |
| r-devel-linux-x86_64-debian-gcc | 1.1 | 1.77 | 23.51 | 25.28 | NOTE | |
| r-devel-linux-x86_64-fedora-clang | 1.1 | 40.21 | NOTE | |||
| r-devel-linux-x86_64-fedora-gcc | 1.1 | 28.13 | NOTE | |||
| r-devel-windows-x86_64-new-UL | 1.1 | 8.00 | 44.00 | 52.00 | NOTE | |
| r-patched-linux-x86_64 | 1.1 | 1.43 | 28.52 | 29.95 | NOTE | |
| r-release-linux-x86_64 | 1.1 | 1.94 | 28.87 | 30.81 | NOTE | |
| r-release-macos-arm64 | 1.1 | NOTE | ||||
| r-release-macos-x86_64 | 1.1 | NOTE | ||||
| r-release-windows-ix86+x86_64 | 1.1 | 4.00 | 33.00 | 37.00 | NOTE | |
| r-oldrel-macos-x86_64 | 1.1 | NOTE | ||||
| r-oldrel-windows-ix86+x86_64 | 1.1 | 3.00 | 30.00 | 33.00 | NOTE | 
Version: 1.1
Check: R code for possible problems
Result: NOTE
    ridit.raw: no visible global function definition for 'pchisq'
    Undefined global functions or variables:
      pchisq
    Consider adding
      importFrom("stats", "pchisq")
    to your NAMESPACE file.
Flavors: r-devel-linux-x86_64-debian-clang, r-devel-linux-x86_64-debian-gcc, r-devel-linux-x86_64-fedora-clang, r-devel-linux-x86_64-fedora-gcc, r-devel-windows-x86_64-new-UL, r-patched-linux-x86_64, r-release-linux-x86_64, r-release-macos-arm64, r-release-macos-x86_64, r-release-windows-ix86+x86_64, r-oldrel-macos-x86_64, r-oldrel-windows-ix86+x86_64