Last updated on 2022-04-18 13:51:16 CEST.
Flavor | Version | Tinstall | Tcheck | Ttotal | Status | Flags |
---|---|---|---|---|---|---|
r-devel-linux-x86_64-debian-clang | 0.8-2 | 45.84 | 460.07 | 505.91 | OK | |
r-devel-linux-x86_64-debian-gcc | 0.8-2 | 38.25 | 336.79 | 375.04 | OK | |
r-devel-linux-x86_64-fedora-clang | 0.8-2 | 501.92 | OK | |||
r-devel-linux-x86_64-fedora-gcc | 0.8-2 | 643.76 | NOTE | |||
r-devel-windows-x86_64-new-UL | 0.8-2 | 104.00 | 459.00 | 563.00 | OK | |
r-patched-linux-x86_64 | 0.8-2 | 48.97 | 440.07 | 489.04 | OK | |
r-release-linux-x86_64 | 0.8-2 | 41.02 | 400.94 | 441.96 | OK | |
r-release-macos-arm64 | 0.8-2 | OK | ||||
r-release-macos-x86_64 | 0.8-2 | OK | ||||
r-release-windows-ix86+x86_64 | 0.8-2 | 95.00 | 461.00 | 556.00 | OK | |
r-oldrel-macos-x86_64 | 0.8-2 | OK | ||||
r-oldrel-windows-ix86+x86_64 | 0.8-2 | 96.00 | 480.00 | 576.00 | OK |
Version: 0.8-2
Check: package dependencies
Result: NOTE
Package suggested but not available for checking: ‘gdalUtils’
Flavor: r-devel-linux-x86_64-fedora-gcc