Last updated on 2022-04-20 05:52:07 CEST.
| Flavor | Version | Tinstall | Tcheck | Ttotal | Status | Flags | 
|---|---|---|---|---|---|---|
| r-devel-linux-x86_64-debian-clang | 0.1.0 | 2.24 | 33.59 | 35.83 | NOTE | |
| r-devel-linux-x86_64-debian-gcc | 0.1.0 | 1.71 | 25.95 | 27.66 | NOTE | |
| r-devel-linux-x86_64-fedora-clang | 0.1.1 | 67.60 | NOTE | |||
| r-devel-linux-x86_64-fedora-gcc | 0.1.1 | 55.97 | NOTE | |||
| r-devel-windows-x86_64-new-UL | 0.1.1 | 28.00 | 73.00 | 101.00 | OK | |
| r-patched-linux-x86_64 | 0.1.0 | 2.30 | 32.82 | 35.12 | NOTE | |
| r-release-linux-x86_64 | 0.1.0 | 2.08 | 30.17 | 32.25 | NOTE | |
| r-release-macos-arm64 | 0.1.1 | NOTE | ||||
| r-release-macos-x86_64 | 0.1.0 | NOTE | ||||
| r-release-windows-ix86+x86_64 | 0.1.0 | 5.00 | 38.00 | 43.00 | NOTE | |
| r-oldrel-macos-x86_64 | 0.1.0 | OK | ||||
| r-oldrel-windows-ix86+x86_64 | 0.1.0 | 5.00 | 38.00 | 43.00 | OK | 
Version: 0.1.0
Check: LazyData
Result: NOTE
      'LazyData' is specified without a 'data' directory
Flavors: r-devel-linux-x86_64-debian-clang, r-devel-linux-x86_64-debian-gcc, r-patched-linux-x86_64, r-release-linux-x86_64, r-release-macos-x86_64, r-release-windows-ix86+x86_64
Version: 0.1.1
Check: dependencies in R code
Result: NOTE
    Namespace in Imports field not imported from: ‘rmarkdown’
      All declared Imports should be used.
Flavors: r-devel-linux-x86_64-fedora-clang, r-devel-linux-x86_64-fedora-gcc, r-release-macos-arm64