Last updated on 2022-04-23 09:53:47 CEST.
Flavor | Version | Tinstall | Tcheck | Ttotal | Status | Flags |
---|---|---|---|---|---|---|
r-devel-linux-x86_64-debian-clang | 1.6.0 | 15.75 | 146.16 | 161.91 | WARN | |
r-devel-linux-x86_64-debian-gcc | 1.6.0 | 12.71 | 107.51 | 120.22 | WARN | |
r-devel-linux-x86_64-fedora-clang | 1.6.0 | 197.12 | WARN | |||
r-devel-linux-x86_64-fedora-gcc | 1.6.0 | 13.69 | ERROR | |||
r-patched-linux-x86_64 | 1.6.0 | 13.92 | 141.17 | 155.09 | OK | |
r-release-linux-x86_64 | 1.6.0 | 12.65 | 138.21 | 150.86 | OK | |
r-release-macos-arm64 | 1.6.0 | OK | ||||
r-release-macos-x86_64 | 1.6.0 | OK | ||||
r-release-windows-x86_64 | 1.6.0 | 72.00 | 181.00 | 253.00 | OK | |
r-oldrel-macos-arm64 | 1.6.0 | OK | ||||
r-oldrel-macos-x86_64 | 1.6.0 | OK | ||||
r-oldrel-windows-ix86+x86_64 | 1.6.0 | 48.00 | 233.00 | 281.00 | OK |
Version: 1.6.0
Check: whether package can be installed
Result: WARN
Found the following significant warnings:
ZS_approx_null_np.c:115:7: warning: use of bitwise '|' with boolean operands [-Wbitwise-instead-of-logical]
Flavors: r-devel-linux-x86_64-debian-clang, r-devel-linux-x86_64-fedora-clang
Version: 1.6.0
Check: Rd files
Result: WARN
checkRd: (7) fitted.Rd:102: invalid email address: clyde@AT@duke.edu
Flavors: r-devel-linux-x86_64-debian-clang, r-devel-linux-x86_64-debian-gcc, r-devel-linux-x86_64-fedora-clang
Version: 1.6.0
Check: whether package can be installed
Result: ERROR
Installation failed.
Flavor: r-devel-linux-x86_64-fedora-gcc