Last updated on 2022-04-23 09:53:55 CEST.
Flavor | Version | Tinstall | Tcheck | Ttotal | Status | Flags |
---|---|---|---|---|---|---|
r-devel-linux-x86_64-debian-clang | 0.38.196 | 9.44 | 46.14 | 55.58 | OK | |
r-devel-linux-x86_64-debian-gcc | 0.38.196 | 7.47 | 34.39 | 41.86 | OK | |
r-devel-linux-x86_64-fedora-clang | 0.38.196 | 67.12 | OK | |||
r-devel-linux-x86_64-fedora-gcc | 0.38.196 | 8.12 | ERROR | |||
r-patched-linux-x86_64 | 0.38.196 | 7.56 | 44.13 | 51.69 | OK | |
r-release-linux-x86_64 | 0.38.196 | 6.96 | 44.50 | 51.46 | OK | |
r-release-macos-arm64 | 0.38.196 | OK | ||||
r-release-macos-x86_64 | 0.38.196 | OK | ||||
r-release-windows-x86_64 | 0.38.196 | 41.00 | 61.00 | 102.00 | OK | |
r-oldrel-macos-arm64 | 0.38.196 | OK | ||||
r-oldrel-macos-x86_64 | 0.38.196 | OK | ||||
r-oldrel-windows-ix86+x86_64 | 0.38.196 | 21.00 | 46.00 | 67.00 | OK |
Version: 0.38.196
Check: whether package can be installed
Result: ERROR
Installation failed.
Flavor: r-devel-linux-x86_64-fedora-gcc