Last updated on 2022-04-23 09:53:55 CEST.
Flavor | Version | Tinstall | Tcheck | Ttotal | Status | Flags |
---|---|---|---|---|---|---|
r-devel-linux-x86_64-debian-clang | 1.1.0 | 35.66 | 82.36 | 118.02 | OK | |
r-devel-linux-x86_64-debian-gcc | 1.1.0 | 26.35 | 59.77 | 86.12 | OK | |
r-devel-linux-x86_64-fedora-clang | 1.1.0 | 146.28 | OK | |||
r-devel-linux-x86_64-fedora-gcc | 1.1.0 | 27.66 | ERROR | |||
r-patched-linux-x86_64 | 1.1.0 | 28.13 | 78.01 | 106.14 | OK | |
r-release-linux-x86_64 | 1.1.0 | 24.38 | 75.43 | 99.81 | OK | |
r-release-macos-arm64 | 1.1.0 | OK | ||||
r-release-macos-x86_64 | 1.1.0 | OK | ||||
r-release-windows-x86_64 | 1.1.0 | 111.00 | 106.00 | 217.00 | OK | |
r-oldrel-macos-arm64 | 1.1.0 | OK | ||||
r-oldrel-macos-x86_64 | 1.1.0 | OK | ||||
r-oldrel-windows-ix86+x86_64 | 1.1.0 | 111.00 | 117.00 | 228.00 | OK |
Version: 1.1.0
Check: whether package can be installed
Result: ERROR
Installation failed.
Flavor: r-devel-linux-x86_64-fedora-gcc