Last updated on 2022-04-24 06:53:42 CEST.
Flavor | Version | Tinstall | Tcheck | Ttotal | Status | Flags |
---|---|---|---|---|---|---|
r-devel-linux-x86_64-debian-clang | 0.1.2 | 13.86 | 143.11 | 156.97 | OK | |
r-devel-linux-x86_64-debian-gcc | 0.1.2 | 11.75 | 104.59 | 116.34 | OK | |
r-devel-linux-x86_64-fedora-clang | 0.1.2 | 193.97 | NOTE | |||
r-devel-linux-x86_64-fedora-gcc | 0.1.2 | 170.68 | NOTE | |||
r-patched-linux-x86_64 | 0.1.2 | 12.49 | 129.96 | 142.45 | OK | |
r-release-linux-x86_64 | 0.1.2 | 11.10 | 124.46 | 135.56 | OK | |
r-release-macos-arm64 | 0.1.2 | NOTE | ||||
r-release-macos-x86_64 | 0.1.2 | NOTE | ||||
r-release-windows-x86_64 | 0.1.2 | 37.00 | 155.00 | 192.00 | OK | |
r-oldrel-macos-arm64 | 0.1.2 | NOTE | ||||
r-oldrel-macos-x86_64 | 0.1.2 | NOTE | ||||
r-oldrel-windows-ix86+x86_64 | 0.1.2 | 30.00 | 146.00 | 176.00 | OK |
Version: 0.1.2
Check: dependencies in R code
Result: NOTE
Namespaces in Imports field not imported from:
‘doParallel’ ‘parallel’ ‘tidyr’
All declared Imports should be used.
Flavors: r-devel-linux-x86_64-fedora-clang, r-devel-linux-x86_64-fedora-gcc, r-release-macos-arm64, r-release-macos-x86_64, r-oldrel-macos-arm64, r-oldrel-macos-x86_64
Version: 0.1.2
Check: data for non-ASCII characters
Result: NOTE
Note: found 40 marked UTF-8 strings
Flavors: r-devel-linux-x86_64-fedora-clang, r-devel-linux-x86_64-fedora-gcc, r-release-macos-arm64, r-release-macos-x86_64, r-oldrel-macos-arm64, r-oldrel-macos-x86_64