Last updated on 2022-04-25 05:54:28 CEST.
Flavor | Version | Tinstall | Tcheck | Ttotal | Status | Flags |
---|---|---|---|---|---|---|
r-devel-linux-x86_64-debian-clang | 0.2.3 | 412.00 | 126.01 | 538.01 | WARN | --no-vignettes |
r-devel-linux-x86_64-debian-gcc | 0.2.3 | 324.63 | 98.62 | 423.25 | OK | --no-vignettes |
r-devel-linux-x86_64-fedora-clang | 0.2.3 | 1318.38 | WARN | |||
r-devel-linux-x86_64-fedora-gcc | 0.2.3 | 1243.57 | OK | |||
r-devel-windows-x86_64 | 0.2.3 | 312.00 | 186.00 | 498.00 | OK | --no-vignettes |
r-patched-linux-x86_64 | 0.2.3 | 347.16 | 126.54 | 473.70 | OK | --no-vignettes |
r-release-linux-x86_64 | 0.2.3 | 318.23 | 126.81 | 445.04 | OK | --no-vignettes |
r-release-macos-arm64 | 0.2.3 | 363.00 | NOTE | |||
r-release-macos-x86_64 | 0.2.3 | 565.00 | NOTE | |||
r-release-windows-x86_64 | 0.2.3 | 341.00 | 187.00 | 528.00 | OK | --no-vignettes |
r-oldrel-macos-arm64 | 0.2.3 | 403.00 | NOTE | |||
r-oldrel-macos-x86_64 | 0.2.3 | 516.00 | NOTE | |||
r-oldrel-windows-ix86+x86_64 | 0.2.3 | 976.00 | 198.00 | 1174.00 | OK | --no-vignettes |
Version: 0.2.3
Flags: --no-vignettes
Check: whether package can be installed
Result: WARN
Found the following significant warnings:
Point.cpp:19:10: warning: use of bitwise '&' with boolean operands [-Wbitwise-instead-of-logical]
Flavor: r-devel-linux-x86_64-debian-clang
Version: 0.2.3
Check: whether package can be installed
Result: WARN
Found the following significant warnings:
Point.cpp:19:10: warning: use of bitwise '&' with boolean operands [-Wbitwise-instead-of-logical]
Flavor: r-devel-linux-x86_64-fedora-clang
Version: 0.2.3
Check: installed package size
Result: NOTE
installed size is 40.7Mb
sub-directories of 1Mb or more:
libs 39.8Mb
Flavors: r-devel-linux-x86_64-fedora-clang, r-release-macos-arm64, r-release-macos-x86_64, r-oldrel-macos-arm64, r-oldrel-macos-x86_64