Last updated on 2022-04-26 05:51:59 CEST.
Flavor | Version | Tinstall | Tcheck | Ttotal | Status | Flags |
---|---|---|---|---|---|---|
r-devel-linux-x86_64-debian-clang | 1.8 | 119.58 | 98.70 | 218.28 | OK | |
r-devel-linux-x86_64-debian-gcc | 1.8 | 90.86 | 74.09 | 164.95 | OK | |
r-devel-linux-x86_64-fedora-clang | 1.8 | 310.39 | OK | |||
r-devel-linux-x86_64-fedora-gcc | 1.8 | 260.95 | OK | |||
r-devel-windows-x86_64 | 1.8 | 112.00 | 125.00 | 237.00 | OK | |
r-patched-linux-x86_64 | 1.8 | 97.08 | 93.30 | 190.38 | OK | |
r-release-linux-x86_64 | 1.8 | 103.06 | 93.30 | 196.36 | OK | |
r-release-macos-arm64 | 1.8 | 66.00 | OK | |||
r-release-macos-x86_64 | 1.8 | 129.00 | OK | |||
r-release-windows-x86_64 | 1.8 | 129.00 | 125.00 | 254.00 | OK | |
r-oldrel-macos-arm64 | 1.8 | 56.00 | NOTE | |||
r-oldrel-macos-x86_64 | 1.8 | 93.00 | OK | |||
r-oldrel-windows-ix86+x86_64 | 1.8 | 264.00 | 145.00 | 409.00 | OK |
Version: 1.8
Check: installed package size
Result: NOTE
installed size is 5.9Mb
sub-directories of 1Mb or more:
libs 5.7Mb
Flavor: r-oldrel-macos-arm64