Last updated on 2022-04-26 06:50:08 CEST.
Flavor | Version | Tinstall | Tcheck | Ttotal | Status | Flags |
---|---|---|---|---|---|---|
r-devel-linux-x86_64-debian-clang | 0.2.1 | 6.00 | 161.09 | 167.09 | OK | |
r-devel-linux-x86_64-debian-gcc | 0.2.1 | 6.27 | 122.32 | 128.59 | OK | |
r-devel-linux-x86_64-fedora-clang | 0.2.1 | 217.12 | OK | |||
r-devel-linux-x86_64-fedora-gcc | 0.2.1 | 205.70 | OK | |||
r-devel-windows-x86_64 | 0.2.1 | 20.00 | 184.00 | 204.00 | OK | |
r-patched-linux-x86_64 | 0.2.1 | 8.08 | 152.75 | 160.83 | OK | |
r-release-linux-x86_64 | 0.2.1 | 6.32 | 154.07 | 160.39 | OK | |
r-release-macos-arm64 | 0.2.1 | 6.00 | ERROR | |||
r-release-macos-x86_64 | 0.2.1 | 8.00 | ERROR | |||
r-release-windows-x86_64 | 0.2.1 | 17.00 | 178.00 | 195.00 | OK | |
r-oldrel-macos-arm64 | 0.2.1 | 7.00 | ERROR | |||
r-oldrel-macos-x86_64 | 0.2.1 | 8.00 | ERROR | |||
r-oldrel-windows-ix86+x86_64 | 0.2.1 | 17.00 | 175.00 | 192.00 | OK |
Version: 0.2.1
Check: package dependencies
Result: ERROR
Packages required but not available:
'ChIPseeker', 'TxDb.Hsapiens.UCSC.hg38.knownGene',
'TxDb.Hsapiens.UCSC.hg19.knownGene',
'TxDb.Mmusculus.UCSC.mm10.knownGene'
See section ‘The DESCRIPTION file’ in the ‘Writing R Extensions’
manual.
Flavor: r-release-macos-arm64
Version: 0.2.1
Check: package dependencies
Result: ERROR
Package required but not available: ‘TxDb.Mmusculus.UCSC.mm10.knownGene’
See section ‘The DESCRIPTION file’ in the ‘Writing R Extensions’
manual.
Flavors: r-release-macos-x86_64, r-oldrel-macos-arm64, r-oldrel-macos-x86_64