Last updated on 2022-04-27 11:54:12 CEST.
Flavor | Version | Tinstall | Tcheck | Ttotal | Status | Flags |
---|---|---|---|---|---|---|
r-devel-linux-x86_64-debian-clang | 1.5 | 7.15 | 70.86 | 78.01 | OK | |
r-devel-linux-x86_64-debian-gcc | 1.5 | 7.05 | 53.29 | 60.34 | OK | |
r-devel-linux-x86_64-fedora-clang | 1.5 | 88.38 | ERROR | |||
r-devel-linux-x86_64-fedora-gcc | 1.5 | 87.19 | ERROR | |||
r-devel-windows-x86_64 | 1.5 | 31.00 | 80.00 | 111.00 | OK | |
r-patched-linux-x86_64 | 1.5 | 9.05 | 68.96 | 78.01 | OK | |
r-release-linux-x86_64 | 1.5 | 7.59 | 70.21 | 77.80 | OK | |
r-release-macos-arm64 | 1.5 | 26.00 | OK | |||
r-release-macos-x86_64 | 1.5 | 42.00 | OK | |||
r-release-windows-x86_64 | 1.5 | 16.00 | 81.00 | 97.00 | OK | |
r-oldrel-macos-arm64 | 1.5 | 30.00 | OK | |||
r-oldrel-macos-x86_64 | 1.5 | 47.00 | OK | |||
r-oldrel-windows-ix86+x86_64 | 1.5 | 15.00 | 78.00 | 93.00 | OK |
Version: 1.5
Check: Rd cross-references
Result: NOTE
Undeclared package ‘GEOmap’ in Rd xrefs
Flavor: r-devel-linux-x86_64-fedora-clang
Version: 1.5
Check: examples
Result: ERROR
Running examples in ‘TauP.R-Ex.R’ failed
The error most likely occurred in:
> ### Name: Rayfan
> ### Title: Ray Fan
> ### Aliases: Rayfan
> ### Keywords: misc
>
> ### ** Examples
>
> data(model)
>
> Rayfan(c('S','ScS'),100,model)
Error in !is.null(vdep) && !is.na(vdep) :
'length = 17' in coercion to 'logical(1)'
Calls: Rayfan ... Traveltime -> FindP4Dist -> MakePscan -> FindDist4p
Execution halted
Flavors: r-devel-linux-x86_64-fedora-clang, r-devel-linux-x86_64-fedora-gcc